{"id":1309,"date":"2018-10-03T11:02:39","date_gmt":"2018-10-03T14:02:39","guid":{"rendered":"http:\/\/www.tcuentaslp.gob.ar\/?page_id=1309"},"modified":"2018-10-09T10:56:20","modified_gmt":"2018-10-09T13:56:20","slug":"creacion-del-area-de-auditoria-en-el-ambito-del-tribunal-de-cuentas","status":"publish","type":"page","link":"https:\/\/www.tcuentaslp.gob.ar\/?page_id=1309","title":{"rendered":"CREACI\u00d3N DEL \u00c1REA DE AUDITOR\u00cdA EN EL \u00c1MBITO DEL TRIBUNAL DE CUENTAS"},"content":{"rendered":"<p>Con el dictado de la Resoluci\u00f3n N\u00ba 93\/12, el Tribunal de Cuentas ve concretado uno de lo objetivos propuestos para el a\u00f1o en curso: la creaci\u00f3n de un \u00e1rea con espec\u00edficas funciones de auditor\u00eda. De esta manera, se contin\u00faa con el desarrollo de mecanismos de control que facilitar\u00e1n y agilizar\u00e1n la rendici\u00f3n de cuentas y que, a trav\u00e9s de procedimientos especiales de auditor\u00eda, permitir\u00e1n determinar el grado de cumplimiento de la normativa vigente relativa a las operaciones financiero-patrimoniales, tal como est\u00e1 previsto en el Decreto Ley N\u00ba 513\/69.<\/p>\n<p>El \u00c1rea de Auditor\u00eda creada depender\u00e1 del Tribunal de Cuentas y estar\u00e1 conformada por los siguientes sectores:<\/p>\n<p>Auditor\u00edas Generales: que alcanzan a los Poderes P\u00fablicos y \u00d3rganos de la Constituci\u00f3n Provincial, Entes Descentralizados y Aut\u00e1rquicos, Comisiones de Fomento, Municipalidades en los casos previstos en la segunda parte del art\u00edculo 124\u00ba de la Constituci\u00f3n de la Provincia de La Pampa y a las entidades privadas que reciban subsidios del Estado Provincial.<br \/>\nLa auditor\u00eda general est\u00e1 dirigida a determinar el grado de cumplimiento de la normativa vigente relativa a las operaciones financiero-patrimoniales de los organismos auditados.<\/p>\n<p>Auditor\u00edas Especiales: son aquellas que, con car\u00e1cter permanente, se realizan en el marco de la Ley N\u00ba 808 &#8211; oficializa en la Provincia el sistema de juego \u201cQuiniela\u201d, la Ley N\u00ba 1687 \u2013 Ente Ejecutivo Presa Embalse Casa de Piedra, la Ley N\u00ba 2225 \u2013 Empresa Pampeana de Petr\u00f3leo \u201cPampetrol SAPEM\u201d y de las Resoluciones dictadas o que se dicten por el Tribunal de Cuentas.<br \/>\nAuditor\u00edas Federales: establecidas en el marco del Convenio de Coordinaci\u00f3n y Cooperaci\u00f3n T\u00e9cnica suscripto con la Red Federal de Control P\u00fablico. Son auditor\u00edas de resultados de programas sociales, que miden la eficacia y congruencia alcanzadas en el logro de los objetivos y metas establecidos en cada uno de los programas.<br \/>\nEn funci\u00f3n de ello, el Tribunal de Cuentas aprob\u00f3 el Reglamento de conformaci\u00f3n y funcionamiento del \u00c1rea de Auditor\u00eda, el que se encuentra estructurado de la siguiente manera:<\/p>\n<p>T\u00edtulo I \u2013 Del \u00c1rea de Auditor\u00eda<\/p>\n<p>T\u00edtulo II \u2013 De las Auditor\u00edas<\/p>\n<p>T\u00edtulo III \u2013 Disposiciones Generales<\/p>\n<p>T\u00edtulo IV \u2013 De los Papeles de Trabajo<\/p>\n<p>T\u00edtulo V \u2013 Conclusi\u00f3n de Auditor\u00eda<\/p>\n","protected":false},"excerpt":{"rendered":"<p>Con el dictado de la Resoluci\u00f3n N\u00ba 93\/12, el Tribunal de Cuentas ve concretado uno de lo objetivos propuestos para &#8230; <a title=\"CREACI\u00d3N DEL \u00c1REA DE AUDITOR\u00cdA EN EL \u00c1MBITO DEL TRIBUNAL DE CUENTAS\" class=\"read-more\" href=\"https:\/\/www.tcuentaslp.gob.ar\/?page_id=1309\">Leer m\u00e1s&#8230;<\/a><\/p>\n","protected":false},"author":1,"featured_media":0,"parent":0,"menu_order":0,"comment_status":"closed","ping_status":"closed","template":"","meta":{"generate_page_header":""},"yoast_head":"<!-- This site is optimized with the Yoast SEO plugin v20.12 - https:\/\/yoast.com\/wordpress\/plugins\/seo\/ -->\n<title>CREACI\u00d3N DEL \u00c1REA DE AUDITOR\u00cdA EN EL \u00c1MBITO DEL TRIBUNAL DE CUENTAS -<\/title>\n<meta name=\"robots\" content=\"index, follow, max-snippet:-1, max-image-preview:large, max-video-preview:-1\" \/>\n<link rel=\"canonical\" href=\"https:\/\/www.tcuentaslp.gob.ar\/?page_id=1309\" \/>\n<meta property=\"og:locale\" content=\"es_ES\" \/>\n<meta property=\"og:type\" content=\"article\" \/>\n<meta property=\"og:title\" content=\"CREACI\u00d3N DEL \u00c1REA DE AUDITOR\u00cdA EN EL \u00c1MBITO DEL TRIBUNAL DE CUENTAS -\" \/>\n<meta property=\"og:description\" content=\"Con el dictado de la Resoluci\u00f3n N\u00ba 93\/12, el Tribunal de Cuentas ve concretado uno de lo objetivos propuestos para ... Leer m\u00e1s...\" \/>\n<meta property=\"og:url\" content=\"https:\/\/www.tcuentaslp.gob.ar\/?page_id=1309\" \/>\n<meta property=\"article:publisher\" content=\"https:\/\/es-la.facebook.com\/TdeCLaPampa\/\" \/>\n<meta property=\"article:modified_time\" content=\"2018-10-09T13:56:20+00:00\" \/>\n<meta name=\"twitter:card\" content=\"summary_large_image\" \/>\n<meta name=\"twitter:label1\" content=\"Tiempo de lectura\" \/>\n\t<meta name=\"twitter:data1\" content=\"2 minutos\" \/>\n<script type=\"application\/ld+json\" class=\"yoast-schema-graph\">{\"@context\":\"https:\/\/schema.org\",\"@graph\":[{\"@type\":\"WebPage\",\"@id\":\"https:\/\/www.tcuentaslp.gob.ar\/?page_id=1309\",\"url\":\"https:\/\/www.tcuentaslp.gob.ar\/?page_id=1309\",\"name\":\"CREACI\u00d3N DEL \u00c1REA DE AUDITOR\u00cdA EN EL \u00c1MBITO DEL TRIBUNAL DE CUENTAS -\",\"isPartOf\":{\"@id\":\"https:\/\/www.tcuentaslp.gob.ar\/#website\"},\"datePublished\":\"2018-10-03T14:02:39+00:00\",\"dateModified\":\"2018-10-09T13:56:20+00:00\",\"breadcrumb\":{\"@id\":\"https:\/\/www.tcuentaslp.gob.ar\/?page_id=1309#breadcrumb\"},\"inLanguage\":\"es-AR\",\"potentialAction\":[{\"@type\":\"ReadAction\",\"target\":[\"https:\/\/www.tcuentaslp.gob.ar\/?page_id=1309\"]}]},{\"@type\":\"BreadcrumbList\",\"@id\":\"https:\/\/www.tcuentaslp.gob.ar\/?page_id=1309#breadcrumb\",\"itemListElement\":[{\"@type\":\"ListItem\",\"position\":1,\"name\":\"Inicio\",\"item\":\"https:\/\/www.tcuentaslp.gob.ar\/\"},{\"@type\":\"ListItem\",\"position\":2,\"name\":\"CREACI\u00d3N DEL \u00c1REA DE AUDITOR\u00cdA EN EL \u00c1MBITO DEL TRIBUNAL DE CUENTAS\"}]},{\"@type\":\"WebSite\",\"@id\":\"https:\/\/www.tcuentaslp.gob.ar\/#website\",\"url\":\"https:\/\/www.tcuentaslp.gob.ar\/\",\"name\":\"Tribunal de Cuentas de La Pampa\",\"description\":\"\",\"publisher\":{\"@id\":\"https:\/\/www.tcuentaslp.gob.ar\/#organization\"},\"potentialAction\":[{\"@type\":\"SearchAction\",\"target\":{\"@type\":\"EntryPoint\",\"urlTemplate\":\"https:\/\/www.tcuentaslp.gob.ar\/?s={search_term_string}\"},\"query-input\":\"required name=search_term_string\"}],\"inLanguage\":\"es-AR\"},{\"@type\":\"Organization\",\"@id\":\"https:\/\/www.tcuentaslp.gob.ar\/#organization\",\"name\":\"Tribunal de Cuentas de La Pampa\",\"url\":\"https:\/\/www.tcuentaslp.gob.ar\/\",\"logo\":{\"@type\":\"ImageObject\",\"inLanguage\":\"es-AR\",\"@id\":\"https:\/\/www.tcuentaslp.gob.ar\/#\/schema\/logo\/image\/\",\"url\":\"http:\/\/www.tcuentaslp.gob.ar\/wp-content\/uploads\/2017\/10\/logo_tribunal.png\",\"contentUrl\":\"http:\/\/www.tcuentaslp.gob.ar\/wp-content\/uploads\/2017\/10\/logo_tribunal.png\",\"width\":200,\"height\":204,\"caption\":\"Tribunal de Cuentas de La Pampa\"},\"image\":{\"@id\":\"https:\/\/www.tcuentaslp.gob.ar\/#\/schema\/logo\/image\/\"},\"sameAs\":[\"https:\/\/es-la.facebook.com\/TdeCLaPampa\/\"]}]}<\/script>\n<!-- \/ Yoast SEO plugin. -->","yoast_head_json":{"title":"CREACI\u00d3N DEL \u00c1REA DE AUDITOR\u00cdA EN EL \u00c1MBITO DEL TRIBUNAL DE CUENTAS -","robots":{"index":"index","follow":"follow","max-snippet":"max-snippet:-1","max-image-preview":"max-image-preview:large","max-video-preview":"max-video-preview:-1"},"canonical":"https:\/\/www.tcuentaslp.gob.ar\/?page_id=1309","og_locale":"es_ES","og_type":"article","og_title":"CREACI\u00d3N DEL \u00c1REA DE AUDITOR\u00cdA EN EL \u00c1MBITO DEL TRIBUNAL DE CUENTAS -","og_description":"Con el dictado de la Resoluci\u00f3n N\u00ba 93\/12, el Tribunal de Cuentas ve concretado uno de lo objetivos propuestos para ... Leer m\u00e1s...","og_url":"https:\/\/www.tcuentaslp.gob.ar\/?page_id=1309","article_publisher":"https:\/\/es-la.facebook.com\/TdeCLaPampa\/","article_modified_time":"2018-10-09T13:56:20+00:00","twitter_card":"summary_large_image","twitter_misc":{"Tiempo de lectura":"2 minutos"},"schema":{"@context":"https:\/\/schema.org","@graph":[{"@type":"WebPage","@id":"https:\/\/www.tcuentaslp.gob.ar\/?page_id=1309","url":"https:\/\/www.tcuentaslp.gob.ar\/?page_id=1309","name":"CREACI\u00d3N DEL \u00c1REA DE AUDITOR\u00cdA EN EL \u00c1MBITO DEL TRIBUNAL DE CUENTAS -","isPartOf":{"@id":"https:\/\/www.tcuentaslp.gob.ar\/#website"},"datePublished":"2018-10-03T14:02:39+00:00","dateModified":"2018-10-09T13:56:20+00:00","breadcrumb":{"@id":"https:\/\/www.tcuentaslp.gob.ar\/?page_id=1309#breadcrumb"},"inLanguage":"es-AR","potentialAction":[{"@type":"ReadAction","target":["https:\/\/www.tcuentaslp.gob.ar\/?page_id=1309"]}]},{"@type":"BreadcrumbList","@id":"https:\/\/www.tcuentaslp.gob.ar\/?page_id=1309#breadcrumb","itemListElement":[{"@type":"ListItem","position":1,"name":"Inicio","item":"https:\/\/www.tcuentaslp.gob.ar\/"},{"@type":"ListItem","position":2,"name":"CREACI\u00d3N DEL \u00c1REA DE AUDITOR\u00cdA EN EL \u00c1MBITO DEL TRIBUNAL DE CUENTAS"}]},{"@type":"WebSite","@id":"https:\/\/www.tcuentaslp.gob.ar\/#website","url":"https:\/\/www.tcuentaslp.gob.ar\/","name":"Tribunal de Cuentas de La Pampa","description":"","publisher":{"@id":"https:\/\/www.tcuentaslp.gob.ar\/#organization"},"potentialAction":[{"@type":"SearchAction","target":{"@type":"EntryPoint","urlTemplate":"https:\/\/www.tcuentaslp.gob.ar\/?s={search_term_string}"},"query-input":"required name=search_term_string"}],"inLanguage":"es-AR"},{"@type":"Organization","@id":"https:\/\/www.tcuentaslp.gob.ar\/#organization","name":"Tribunal de Cuentas de La Pampa","url":"https:\/\/www.tcuentaslp.gob.ar\/","logo":{"@type":"ImageObject","inLanguage":"es-AR","@id":"https:\/\/www.tcuentaslp.gob.ar\/#\/schema\/logo\/image\/","url":"http:\/\/www.tcuentaslp.gob.ar\/wp-content\/uploads\/2017\/10\/logo_tribunal.png","contentUrl":"http:\/\/www.tcuentaslp.gob.ar\/wp-content\/uploads\/2017\/10\/logo_tribunal.png","width":200,"height":204,"caption":"Tribunal de Cuentas de La Pampa"},"image":{"@id":"https:\/\/www.tcuentaslp.gob.ar\/#\/schema\/logo\/image\/"},"sameAs":["https:\/\/es-la.facebook.com\/TdeCLaPampa\/"]}]}},"_links":{"self":[{"href":"https:\/\/www.tcuentaslp.gob.ar\/index.php?rest_route=\/wp\/v2\/pages\/1309"}],"collection":[{"href":"https:\/\/www.tcuentaslp.gob.ar\/index.php?rest_route=\/wp\/v2\/pages"}],"about":[{"href":"https:\/\/www.tcuentaslp.gob.ar\/index.php?rest_route=\/wp\/v2\/types\/page"}],"author":[{"embeddable":true,"href":"https:\/\/www.tcuentaslp.gob.ar\/index.php?rest_route=\/wp\/v2\/users\/1"}],"replies":[{"embeddable":true,"href":"https:\/\/www.tcuentaslp.gob.ar\/index.php?rest_route=%2Fwp%2Fv2%2Fcomments&post=1309"}],"version-history":[{"count":2,"href":"https:\/\/www.tcuentaslp.gob.ar\/index.php?rest_route=\/wp\/v2\/pages\/1309\/revisions"}],"predecessor-version":[{"id":1392,"href":"https:\/\/www.tcuentaslp.gob.ar\/index.php?rest_route=\/wp\/v2\/pages\/1309\/revisions\/1392"}],"wp:attachment":[{"href":"https:\/\/www.tcuentaslp.gob.ar\/index.php?rest_route=%2Fwp%2Fv2%2Fmedia&parent=1309"}],"curies":[{"name":"wp","href":"https:\/\/api.w.org\/{rel}","templated":true}]}}