{"id":1402,"date":"2018-10-09T12:00:47","date_gmt":"2018-10-09T15:00:47","guid":{"rendered":"http:\/\/www.tcuentaslp.gob.ar\/?page_id=1402"},"modified":"2022-07-05T09:05:16","modified_gmt":"2022-07-05T12:05:16","slug":"establecimientos-asistenciales","status":"publish","type":"page","link":"https:\/\/www.tcuentaslp.gob.ar\/?page_id=1402","title":{"rendered":"Establecimientos Asistenciales"},"content":{"rendered":"<p style=\"text-align: justify;\"><strong><a title=\"Devoluci\u00f3n de fondos no utilizados al cierre del per\u00edodo presupuestario de Establecimientos Asistenciales\" href=\"https:\/\/www.tcuentaslp.gob.ar\/?page_id=1405\">* Devoluci\u00f3n de fondos no utilizados al cierre del per\u00edodo presupuestario de Establecimientos Asistenciales<\/a><\/strong><\/p>\n<p style=\"text-align: justify;\"><strong><a title=\"Foliatura de Expedientes\" href=\"https:\/\/www.tcuentaslp.gob.ar\/?page_id=1414\">* Foliatura de Expedientes<\/a><\/strong><\/p>\n<p style=\"text-align: justify;\"><strong><a title=\"Contenido del Cuerpo Principal para los Establecimientos que tienen rendici\u00f3n mensual\" href=\"https:\/\/www.tcuentaslp.gob.ar\/?page_id=1418\">* Contenido del Cuerpo Principal para los Establecimientos que tienen rendici\u00f3n mensual<\/a><\/strong><\/p>\n<p style=\"text-align: justify;\"><strong><a title=\"Contenido del Cuerpo Principal para los Establecimientos que tienen rendici\u00f3n mensual\" href=\"https:\/\/www.tcuentaslp.gob.ar\/?page_id=1421\">* Contenido del Cuerpo Secundario para los Establecimientos que tienen rendici\u00f3n mensual<\/a><\/strong><\/p>\n<p style=\"text-align: justify;\"><strong><a title=\"Contenido de la Rendici\u00f3n Mensual para los Establecimientos que tienen rendici\u00f3n diaria \u2013 seg\u00fan Resoluci\u00f3n N\u00ba 103\/79 y modificatorias\" href=\"..\/?page_id=1252\">* <\/a><a title=\"Contenido de la Rendici\u00f3n Mensual para los Establecimientos que tienen rendici\u00f3n diaria \u2013 seg\u00fan Resoluci\u00f3n N\u00ba 103\/79 y modificatorias\" href=\"https:\/\/www.tcuentaslp.gob.ar\/?page_id=1425\">Contenido de la Rendici\u00f3n Mensual para los Establecimientos que tienen rendici\u00f3n diaria &#8211; seg\u00fan Resoluci\u00f3n N\u00ba 103\/79 y modificatorias <\/a><\/strong><\/p>\n<p style=\"text-align: justify;\"><strong><a title=\"Contenido de la Rendici\u00f3n Diaria para los Establecimientos que rinden diariamente \u2013 seg\u00fan Resoluci\u00f3n N\u00ba 103\/79 y modificatorias\" href=\"..\/?page_id=1257\">* <\/a><a title=\"Contenido de la Rendici\u00f3n Diaria para los Establecimientos que rinden diariamente \u2013 seg\u00fan Resoluci\u00f3n N\u00ba 103\/79 y modificatorias\" href=\"https:\/\/www.tcuentaslp.gob.ar\/?page_id=1428\">Contenido de\u00a0 la Rendici\u00f3n Diaria para los Establecimientos que rinden diariamente &#8211; seg\u00fan Resoluci\u00f3n N\u00ba 103\/79 y modificatorias<\/a><\/strong><\/p>\n<p style=\"text-align: justify;\"><strong>* Resoluci\u00f3n Aprobatoria del Sistema Renditivo (N\u00ba 1\/2011)<\/strong><\/p>\n<p style=\"text-align: justify;\"><strong>* Instructivo Rendici\u00f3n Establecimientos Asistenciales (En proceso de revisi\u00f3n).<\/strong><\/p>\n<p style=\"text-align: justify;\"><strong>* Anexos Instructivo Rendici\u00f3n Establecimientos Asistenciales\u00a0(En proceso de revisi\u00f3n).<\/strong><\/p>\n","protected":false},"excerpt":{"rendered":"<p>* Devoluci\u00f3n de fondos no utilizados al cierre del per\u00edodo presupuestario de Establecimientos Asistenciales * Foliatura de Expedientes * Contenido &#8230; <a title=\"Establecimientos Asistenciales\" class=\"read-more\" href=\"https:\/\/www.tcuentaslp.gob.ar\/?page_id=1402\">Leer m\u00e1s&#8230;<\/a><\/p>\n","protected":false},"author":1,"featured_media":0,"parent":0,"menu_order":0,"comment_status":"closed","ping_status":"closed","template":"","meta":{"generate_page_header":""},"yoast_head":"<!-- This site is optimized with the Yoast SEO plugin v20.12 - https:\/\/yoast.com\/wordpress\/plugins\/seo\/ -->\n<title>Establecimientos Asistenciales -<\/title>\n<meta name=\"robots\" content=\"index, follow, max-snippet:-1, max-image-preview:large, max-video-preview:-1\" \/>\n<link rel=\"canonical\" href=\"https:\/\/www.tcuentaslp.gob.ar\/?page_id=1402\" \/>\n<meta property=\"og:locale\" content=\"es_ES\" \/>\n<meta property=\"og:type\" content=\"article\" \/>\n<meta property=\"og:title\" content=\"Establecimientos Asistenciales -\" \/>\n<meta property=\"og:description\" content=\"* Devoluci\u00f3n de fondos no utilizados al cierre del per\u00edodo presupuestario de Establecimientos Asistenciales * Foliatura de Expedientes * Contenido ... Leer m\u00e1s...\" \/>\n<meta property=\"og:url\" content=\"https:\/\/www.tcuentaslp.gob.ar\/?page_id=1402\" \/>\n<meta property=\"article:publisher\" content=\"https:\/\/es-la.facebook.com\/TdeCLaPampa\/\" \/>\n<meta property=\"article:modified_time\" content=\"2022-07-05T12:05:16+00:00\" \/>\n<meta name=\"twitter:card\" content=\"summary_large_image\" \/>\n<meta name=\"twitter:label1\" content=\"Tiempo de lectura\" \/>\n\t<meta name=\"twitter:data1\" content=\"1 minuto\" \/>\n<script type=\"application\/ld+json\" class=\"yoast-schema-graph\">{\"@context\":\"https:\/\/schema.org\",\"@graph\":[{\"@type\":\"WebPage\",\"@id\":\"https:\/\/www.tcuentaslp.gob.ar\/?page_id=1402\",\"url\":\"https:\/\/www.tcuentaslp.gob.ar\/?page_id=1402\",\"name\":\"Establecimientos Asistenciales -\",\"isPartOf\":{\"@id\":\"https:\/\/www.tcuentaslp.gob.ar\/#website\"},\"datePublished\":\"2018-10-09T15:00:47+00:00\",\"dateModified\":\"2022-07-05T12:05:16+00:00\",\"breadcrumb\":{\"@id\":\"https:\/\/www.tcuentaslp.gob.ar\/?page_id=1402#breadcrumb\"},\"inLanguage\":\"es-AR\",\"potentialAction\":[{\"@type\":\"ReadAction\",\"target\":[\"https:\/\/www.tcuentaslp.gob.ar\/?page_id=1402\"]}]},{\"@type\":\"BreadcrumbList\",\"@id\":\"https:\/\/www.tcuentaslp.gob.ar\/?page_id=1402#breadcrumb\",\"itemListElement\":[{\"@type\":\"ListItem\",\"position\":1,\"name\":\"Inicio\",\"item\":\"https:\/\/www.tcuentaslp.gob.ar\/\"},{\"@type\":\"ListItem\",\"position\":2,\"name\":\"Establecimientos Asistenciales\"}]},{\"@type\":\"WebSite\",\"@id\":\"https:\/\/www.tcuentaslp.gob.ar\/#website\",\"url\":\"https:\/\/www.tcuentaslp.gob.ar\/\",\"name\":\"Tribunal de Cuentas de La Pampa\",\"description\":\"\",\"publisher\":{\"@id\":\"https:\/\/www.tcuentaslp.gob.ar\/#organization\"},\"potentialAction\":[{\"@type\":\"SearchAction\",\"target\":{\"@type\":\"EntryPoint\",\"urlTemplate\":\"https:\/\/www.tcuentaslp.gob.ar\/?s={search_term_string}\"},\"query-input\":\"required name=search_term_string\"}],\"inLanguage\":\"es-AR\"},{\"@type\":\"Organization\",\"@id\":\"https:\/\/www.tcuentaslp.gob.ar\/#organization\",\"name\":\"Tribunal de Cuentas de La Pampa\",\"url\":\"https:\/\/www.tcuentaslp.gob.ar\/\",\"logo\":{\"@type\":\"ImageObject\",\"inLanguage\":\"es-AR\",\"@id\":\"https:\/\/www.tcuentaslp.gob.ar\/#\/schema\/logo\/image\/\",\"url\":\"http:\/\/www.tcuentaslp.gob.ar\/wp-content\/uploads\/2017\/10\/logo_tribunal.png\",\"contentUrl\":\"http:\/\/www.tcuentaslp.gob.ar\/wp-content\/uploads\/2017\/10\/logo_tribunal.png\",\"width\":200,\"height\":204,\"caption\":\"Tribunal de Cuentas de La Pampa\"},\"image\":{\"@id\":\"https:\/\/www.tcuentaslp.gob.ar\/#\/schema\/logo\/image\/\"},\"sameAs\":[\"https:\/\/es-la.facebook.com\/TdeCLaPampa\/\"]}]}<\/script>\n<!-- \/ Yoast SEO plugin. -->","yoast_head_json":{"title":"Establecimientos Asistenciales -","robots":{"index":"index","follow":"follow","max-snippet":"max-snippet:-1","max-image-preview":"max-image-preview:large","max-video-preview":"max-video-preview:-1"},"canonical":"https:\/\/www.tcuentaslp.gob.ar\/?page_id=1402","og_locale":"es_ES","og_type":"article","og_title":"Establecimientos Asistenciales -","og_description":"* Devoluci\u00f3n de fondos no utilizados al cierre del per\u00edodo presupuestario de Establecimientos Asistenciales * Foliatura de Expedientes * Contenido ... Leer m\u00e1s...","og_url":"https:\/\/www.tcuentaslp.gob.ar\/?page_id=1402","article_publisher":"https:\/\/es-la.facebook.com\/TdeCLaPampa\/","article_modified_time":"2022-07-05T12:05:16+00:00","twitter_card":"summary_large_image","twitter_misc":{"Tiempo de lectura":"1 minuto"},"schema":{"@context":"https:\/\/schema.org","@graph":[{"@type":"WebPage","@id":"https:\/\/www.tcuentaslp.gob.ar\/?page_id=1402","url":"https:\/\/www.tcuentaslp.gob.ar\/?page_id=1402","name":"Establecimientos Asistenciales -","isPartOf":{"@id":"https:\/\/www.tcuentaslp.gob.ar\/#website"},"datePublished":"2018-10-09T15:00:47+00:00","dateModified":"2022-07-05T12:05:16+00:00","breadcrumb":{"@id":"https:\/\/www.tcuentaslp.gob.ar\/?page_id=1402#breadcrumb"},"inLanguage":"es-AR","potentialAction":[{"@type":"ReadAction","target":["https:\/\/www.tcuentaslp.gob.ar\/?page_id=1402"]}]},{"@type":"BreadcrumbList","@id":"https:\/\/www.tcuentaslp.gob.ar\/?page_id=1402#breadcrumb","itemListElement":[{"@type":"ListItem","position":1,"name":"Inicio","item":"https:\/\/www.tcuentaslp.gob.ar\/"},{"@type":"ListItem","position":2,"name":"Establecimientos Asistenciales"}]},{"@type":"WebSite","@id":"https:\/\/www.tcuentaslp.gob.ar\/#website","url":"https:\/\/www.tcuentaslp.gob.ar\/","name":"Tribunal de Cuentas de La Pampa","description":"","publisher":{"@id":"https:\/\/www.tcuentaslp.gob.ar\/#organization"},"potentialAction":[{"@type":"SearchAction","target":{"@type":"EntryPoint","urlTemplate":"https:\/\/www.tcuentaslp.gob.ar\/?s={search_term_string}"},"query-input":"required name=search_term_string"}],"inLanguage":"es-AR"},{"@type":"Organization","@id":"https:\/\/www.tcuentaslp.gob.ar\/#organization","name":"Tribunal de Cuentas de La Pampa","url":"https:\/\/www.tcuentaslp.gob.ar\/","logo":{"@type":"ImageObject","inLanguage":"es-AR","@id":"https:\/\/www.tcuentaslp.gob.ar\/#\/schema\/logo\/image\/","url":"http:\/\/www.tcuentaslp.gob.ar\/wp-content\/uploads\/2017\/10\/logo_tribunal.png","contentUrl":"http:\/\/www.tcuentaslp.gob.ar\/wp-content\/uploads\/2017\/10\/logo_tribunal.png","width":200,"height":204,"caption":"Tribunal de Cuentas de La Pampa"},"image":{"@id":"https:\/\/www.tcuentaslp.gob.ar\/#\/schema\/logo\/image\/"},"sameAs":["https:\/\/es-la.facebook.com\/TdeCLaPampa\/"]}]}},"_links":{"self":[{"href":"https:\/\/www.tcuentaslp.gob.ar\/index.php?rest_route=\/wp\/v2\/pages\/1402"}],"collection":[{"href":"https:\/\/www.tcuentaslp.gob.ar\/index.php?rest_route=\/wp\/v2\/pages"}],"about":[{"href":"https:\/\/www.tcuentaslp.gob.ar\/index.php?rest_route=\/wp\/v2\/types\/page"}],"author":[{"embeddable":true,"href":"https:\/\/www.tcuentaslp.gob.ar\/index.php?rest_route=\/wp\/v2\/users\/1"}],"replies":[{"embeddable":true,"href":"https:\/\/www.tcuentaslp.gob.ar\/index.php?rest_route=%2Fwp%2Fv2%2Fcomments&post=1402"}],"version-history":[{"count":18,"href":"https:\/\/www.tcuentaslp.gob.ar\/index.php?rest_route=\/wp\/v2\/pages\/1402\/revisions"}],"predecessor-version":[{"id":4318,"href":"https:\/\/www.tcuentaslp.gob.ar\/index.php?rest_route=\/wp\/v2\/pages\/1402\/revisions\/4318"}],"wp:attachment":[{"href":"https:\/\/www.tcuentaslp.gob.ar\/index.php?rest_route=%2Fwp%2Fv2%2Fmedia&parent=1402"}],"curies":[{"name":"wp","href":"https:\/\/api.w.org\/{rel}","templated":true}]}}