{"id":1550,"date":"2018-10-16T10:31:39","date_gmt":"2018-10-16T13:31:39","guid":{"rendered":"http:\/\/www.tcuentaslp.gob.ar\/?page_id=1550"},"modified":"2022-02-16T13:02:10","modified_gmt":"2022-02-16T16:02:10","slug":"subsidios-otorgados-por-el-poder-ejecutivo","status":"publish","type":"page","link":"https:\/\/www.tcuentaslp.gob.ar\/?page_id=1550","title":{"rendered":"Subsidios otorgados por el Poder Ejecutivo"},"content":{"rendered":"<p><strong><span style=\"text-decoration: underline;\">Otorgamiento seg\u00fan Norma Legal N\u00ba 835\/77<\/span><\/strong><strong>:<\/strong><\/p>\n<p style=\"text-align: justify;\">El Poder Ejecutivo podr\u00e1 subsidiar a trav\u00e9s de los organismos del Estado que cuentan con partida especifica para ello , gastos de funcionamiento de toda Instituci\u00f3n de Bien P\u00fablico que persiga finalidades Culturales, Educacionales, Sanitarias, Ben\u00e9ficas o Deportivas, Asociaciones Sindicales y de toda otra que preste un servicio p\u00fablico o desarrolle una actividad de inter\u00e9s comunitario.<\/p>\n<p style=\"text-align: justify;\">Estas Instituciones tambi\u00e9n podr\u00e1n gestionar Subsidios para la construcci\u00f3n, ampliaci\u00f3n o refacci\u00f3n de edificios e instalaciones destinados al cumplimiento de sus fines espec\u00edficos; como as\u00ed tambi\u00e9n para la adquisici\u00f3n de Bienes de Capital (Erogaciones de Capital); siempre que la repartici\u00f3n oficial que va otorgar el Subsidio cuente con la correspondiente partida presupuestaria.<\/p>\n<p style=\"text-align: justify;\">Cualquiera sea el fin, las solicitudes deber\u00e1n ser presentadas en la mesa de entrada del respectivo ministerio y tendr\u00e1n que ser acompa\u00f1adas de la siguiente documentaci\u00f3n:<\/p>\n<p style=\"text-align: justify;\">* Si la Instituci\u00f3n posee Personer\u00eda Jur\u00eddica:<\/p>\n<p style=\"text-align: justify;\">1) Estatuto.<\/p>\n<p style=\"text-align: justify;\">2) N\u00f3mina actualizada de los miembros de la Comisi\u00f3n Directiva.<\/p>\n<p style=\"text-align: justify;\">3) Ultimo Balance General, certificado por Contador P\u00fablico Nacional o con sus firmas certificadas por autoridad competente.<\/p>\n<p style=\"text-align: justify;\">4) Informe de la Direcci\u00f3n de Personas Jur\u00eddicas que acredite que la Instituci\u00f3n est\u00e1 al d\u00eda con la documentaci\u00f3n.<\/p>\n<p style=\"text-align: justify;\">*Si la solicitante no cuenta con Personer\u00eda Jur\u00eddica:<\/p>\n<p style=\"text-align: justify;\">1) Constancia de su Inscripci\u00f3n en la Coordinaci\u00f3n de Fiscalizaci\u00f3n del Ministerio de Bienestar Social como entidad de bien p\u00fablico.<\/p>\n<p style=\"text-align: justify;\">2) N\u00f3mina actualizada de los miembros de la Comisi\u00f3n Directiva actuante.<\/p>\n<p style=\"text-align: justify;\">3) Copia del \u00faltimo Balance General, certificado por Contador P\u00fablico, o con las firmas de las autoridades (Presidente, Secretario, Tesorero) certificadas por autoridad competente.<\/p>\n<p style=\"text-align: justify;\">4) Informe de la Coordinaci\u00f3n de Fiscalizaci\u00f3n que acredite que la Instituci\u00f3n est\u00e1 al d\u00eda con la documentaci\u00f3n.<\/p>\n<p style=\"text-align: justify;\">*Si la solicitante es <strong>una comisi\u00f3n accidental para fines determinados<\/strong> que no est\u00e9 inscripta como Entidad de Bien P\u00fablico:<\/p>\n<p style=\"text-align: justify;\">1) N\u00f3mina de los integrantes de la comisi\u00f3n.<\/p>\n<p style=\"text-align: justify;\">2) Constancia de la autoridad comunal del lugar que acredita tal circunstancia, la constituci\u00f3n de la comisi\u00f3n para el fin que se alega y la necesidad del subsidio peticionado.<\/p>\n<p style=\"text-align: justify;\">Si el destino de los fondos otorgados a la instituci\u00f3n fuera para la adquisici\u00f3n de Bienes de Capital <strong>adem\u00e1s<\/strong> se deber\u00e1 adjuntar:<\/p>\n<p style=\"text-align: justify;\">Descripci\u00f3n del bien que se pretende adquirir.<\/p>\n<p style=\"text-align: justify;\">Finalidad.<\/p>\n<p style=\"text-align: justify;\">Necesidad del Mismo.<\/p>\n<p style=\"text-align: justify;\">Lugar de emplazamiento.<\/p>\n<p style=\"text-align: justify;\">Origen de los recursos propios para solventar la parte que queda a su cargo.<\/p>\n<p style=\"text-align: justify;\">Presupuesto estimativo del mismo.<\/p>\n<p style=\"text-align: justify;\">Las solicitudes de los Subsidios (sea su destino para atender gastos de infraestructura o funcionamiento) ser\u00e1n analizadas y evaluadas por el organismo receptor de las mismas y con opini\u00f3n del Asesor Legal del Ministerio respectivo ser\u00e1n elevadas al Poder Ejecutivo &#8211; si no est\u00e1 delegada la autorizaci\u00f3n en el Ministerio &#8211; acompa\u00f1ando el proyecto de decreto correspondiente. Cada Ministerio podr\u00e1 solicitar el cumplimiento de otros requisitos o formalidades al peticionante.<\/p>\n<p><span style=\"text-decoration: underline;\"><strong>Rendici\u00f3n<\/strong><strong>:<\/strong><\/span><\/p>\n<p style=\"text-align: justify;\">El estudio de los Subsidios otorgados por el Poder Ejecutivo, se realiza en <strong>dos instancias:<\/strong><\/p>\n<ol>\n<li style=\"text-align: justify;\">En la primera, se controla la Normativa Legal y la transferencia del monto otorgado (pago)\u00a0 a la Entidad Beneficiaria, que es realizado por Contadur\u00eda General de la Provincia, a trav\u00e9s de las Habilitaciones.<\/li>\n<li style=\"text-align: justify;\">En la segunda,\u00a0 se controla la inversi\u00f3n del Subsidio (Rendici\u00f3n de Gastos) realizada por la Entidad Beneficiaria, a trav\u00e9s del Ministerio otorgante.<\/li>\n<\/ol>\n<p style=\"text-align: justify;\">Considerando que el otorgamiento de Subsidios se encuentra contemplado en la NJF N\u00ba835\/77, siendo el Tribunal de Cuentas el Organismo encargado de controlar la inversi\u00f3n de los mismos, seg\u00fan lo estipulado en la Constituci\u00f3n Provincial, en la Ley Org\u00e1nica (Decreto Ley N\u00ba 513\/69) y en la Ley N\u00ba 1597 de Municipalidades y Comisiones de Fomento, el Tribunal de Cuentas aprob\u00f3 las Resoluciones N\u00ba 2\/10, su modificatoria N\u00ba 24\/10 que regulan a los Procedimientos y Formalidades en las rendiciones de Subsidios.<\/p>\n<p style=\"text-align: justify;\"><strong><a href=\"https:\/\/digesto.tcuentaslp.gob.ar\/digesto%20tribunal\/Fallos%20internos\/RESOLUCIONES\/Resolucion%202-2010.html\" target=\"_blank\" rel=\"noopener\">Resoluci\u00f3n 2\/10<\/a><\/strong><\/p>\n<p style=\"text-align: justify;\"><strong><a href=\"https:\/\/digesto.tcuentaslp.gob.ar\/digesto%20tribunal\/Fallos%20internos\/RESOLUCIONES\/Resolucion%2024-2010.html\" target=\"_blank\" rel=\"noopener\">Resoluci\u00f3n 24\/10<\/a><\/strong><\/p>\n<p style=\"text-align: justify;\"><strong><a href=\"https:\/\/digesto.tcuentaslp.gob.ar\/digesto%20tribunal\/Fallos%20internos\/RESOLUCIONES\/Resolucion%202-2010%20ANEXO.html\" target=\"_blank\" rel=\"noopener\">Resolucion 2\/10 ANEXO<\/a><\/strong><\/p>\n<p style=\"text-align: justify;\"><strong><a href=\"https:\/\/digesto.tcuentaslp.gob.ar\/digesto%20tribunal\/Fallos%20internos\/RESOLUCIONES\/Resolucion%2024-2010%20FORMULARIO%20ANEXO.pdf\" target=\"_blank\" rel=\"noopener\">Resoluci\u00f3n 24\/10 FORMULARIO ANEXO<\/a><\/strong><\/p>\n\n\n<p><\/p>\n","protected":false},"excerpt":{"rendered":"<p>Otorgamiento seg\u00fan Norma Legal N\u00ba 835\/77: El Poder Ejecutivo podr\u00e1 subsidiar a trav\u00e9s de los organismos del Estado que cuentan &#8230; <a title=\"Subsidios otorgados por el Poder Ejecutivo\" class=\"read-more\" href=\"https:\/\/www.tcuentaslp.gob.ar\/?page_id=1550\">Leer m\u00e1s&#8230;<\/a><\/p>\n","protected":false},"author":1,"featured_media":0,"parent":0,"menu_order":0,"comment_status":"closed","ping_status":"closed","template":"","meta":{"generate_page_header":""},"yoast_head":"<!-- This site is optimized with the Yoast SEO plugin v20.12 - https:\/\/yoast.com\/wordpress\/plugins\/seo\/ -->\n<title>Subsidios otorgados por el Poder Ejecutivo -<\/title>\n<meta name=\"robots\" content=\"index, follow, max-snippet:-1, max-image-preview:large, max-video-preview:-1\" \/>\n<link rel=\"canonical\" href=\"https:\/\/www.tcuentaslp.gob.ar\/?page_id=1550\" \/>\n<meta property=\"og:locale\" content=\"es_ES\" \/>\n<meta property=\"og:type\" content=\"article\" \/>\n<meta property=\"og:title\" content=\"Subsidios otorgados por el Poder Ejecutivo -\" \/>\n<meta property=\"og:description\" content=\"Otorgamiento seg\u00fan Norma Legal N\u00ba 835\/77: El Poder Ejecutivo podr\u00e1 subsidiar a trav\u00e9s de los organismos del Estado que cuentan ... Leer m\u00e1s...\" \/>\n<meta property=\"og:url\" content=\"https:\/\/www.tcuentaslp.gob.ar\/?page_id=1550\" \/>\n<meta property=\"article:publisher\" content=\"https:\/\/es-la.facebook.com\/TdeCLaPampa\/\" \/>\n<meta property=\"article:modified_time\" content=\"2022-02-16T16:02:10+00:00\" \/>\n<meta name=\"twitter:card\" content=\"summary_large_image\" \/>\n<meta name=\"twitter:label1\" content=\"Tiempo de lectura\" \/>\n\t<meta name=\"twitter:data1\" content=\"3 minutos\" \/>\n<script type=\"application\/ld+json\" class=\"yoast-schema-graph\">{\"@context\":\"https:\/\/schema.org\",\"@graph\":[{\"@type\":\"WebPage\",\"@id\":\"https:\/\/www.tcuentaslp.gob.ar\/?page_id=1550\",\"url\":\"https:\/\/www.tcuentaslp.gob.ar\/?page_id=1550\",\"name\":\"Subsidios otorgados por el Poder Ejecutivo -\",\"isPartOf\":{\"@id\":\"https:\/\/www.tcuentaslp.gob.ar\/#website\"},\"datePublished\":\"2018-10-16T13:31:39+00:00\",\"dateModified\":\"2022-02-16T16:02:10+00:00\",\"breadcrumb\":{\"@id\":\"https:\/\/www.tcuentaslp.gob.ar\/?page_id=1550#breadcrumb\"},\"inLanguage\":\"es-AR\",\"potentialAction\":[{\"@type\":\"ReadAction\",\"target\":[\"https:\/\/www.tcuentaslp.gob.ar\/?page_id=1550\"]}]},{\"@type\":\"BreadcrumbList\",\"@id\":\"https:\/\/www.tcuentaslp.gob.ar\/?page_id=1550#breadcrumb\",\"itemListElement\":[{\"@type\":\"ListItem\",\"position\":1,\"name\":\"Inicio\",\"item\":\"https:\/\/www.tcuentaslp.gob.ar\/\"},{\"@type\":\"ListItem\",\"position\":2,\"name\":\"Subsidios otorgados por el Poder Ejecutivo\"}]},{\"@type\":\"WebSite\",\"@id\":\"https:\/\/www.tcuentaslp.gob.ar\/#website\",\"url\":\"https:\/\/www.tcuentaslp.gob.ar\/\",\"name\":\"Tribunal de Cuentas de La Pampa\",\"description\":\"\",\"publisher\":{\"@id\":\"https:\/\/www.tcuentaslp.gob.ar\/#organization\"},\"potentialAction\":[{\"@type\":\"SearchAction\",\"target\":{\"@type\":\"EntryPoint\",\"urlTemplate\":\"https:\/\/www.tcuentaslp.gob.ar\/?s={search_term_string}\"},\"query-input\":\"required name=search_term_string\"}],\"inLanguage\":\"es-AR\"},{\"@type\":\"Organization\",\"@id\":\"https:\/\/www.tcuentaslp.gob.ar\/#organization\",\"name\":\"Tribunal de Cuentas de La Pampa\",\"url\":\"https:\/\/www.tcuentaslp.gob.ar\/\",\"logo\":{\"@type\":\"ImageObject\",\"inLanguage\":\"es-AR\",\"@id\":\"https:\/\/www.tcuentaslp.gob.ar\/#\/schema\/logo\/image\/\",\"url\":\"http:\/\/www.tcuentaslp.gob.ar\/wp-content\/uploads\/2017\/10\/logo_tribunal.png\",\"contentUrl\":\"http:\/\/www.tcuentaslp.gob.ar\/wp-content\/uploads\/2017\/10\/logo_tribunal.png\",\"width\":200,\"height\":204,\"caption\":\"Tribunal de Cuentas de La Pampa\"},\"image\":{\"@id\":\"https:\/\/www.tcuentaslp.gob.ar\/#\/schema\/logo\/image\/\"},\"sameAs\":[\"https:\/\/es-la.facebook.com\/TdeCLaPampa\/\"]}]}<\/script>\n<!-- \/ Yoast SEO plugin. -->","yoast_head_json":{"title":"Subsidios otorgados por el Poder Ejecutivo -","robots":{"index":"index","follow":"follow","max-snippet":"max-snippet:-1","max-image-preview":"max-image-preview:large","max-video-preview":"max-video-preview:-1"},"canonical":"https:\/\/www.tcuentaslp.gob.ar\/?page_id=1550","og_locale":"es_ES","og_type":"article","og_title":"Subsidios otorgados por el Poder Ejecutivo -","og_description":"Otorgamiento seg\u00fan Norma Legal N\u00ba 835\/77: El Poder Ejecutivo podr\u00e1 subsidiar a trav\u00e9s de los organismos del Estado que cuentan ... Leer m\u00e1s...","og_url":"https:\/\/www.tcuentaslp.gob.ar\/?page_id=1550","article_publisher":"https:\/\/es-la.facebook.com\/TdeCLaPampa\/","article_modified_time":"2022-02-16T16:02:10+00:00","twitter_card":"summary_large_image","twitter_misc":{"Tiempo de lectura":"3 minutos"},"schema":{"@context":"https:\/\/schema.org","@graph":[{"@type":"WebPage","@id":"https:\/\/www.tcuentaslp.gob.ar\/?page_id=1550","url":"https:\/\/www.tcuentaslp.gob.ar\/?page_id=1550","name":"Subsidios otorgados por el Poder Ejecutivo -","isPartOf":{"@id":"https:\/\/www.tcuentaslp.gob.ar\/#website"},"datePublished":"2018-10-16T13:31:39+00:00","dateModified":"2022-02-16T16:02:10+00:00","breadcrumb":{"@id":"https:\/\/www.tcuentaslp.gob.ar\/?page_id=1550#breadcrumb"},"inLanguage":"es-AR","potentialAction":[{"@type":"ReadAction","target":["https:\/\/www.tcuentaslp.gob.ar\/?page_id=1550"]}]},{"@type":"BreadcrumbList","@id":"https:\/\/www.tcuentaslp.gob.ar\/?page_id=1550#breadcrumb","itemListElement":[{"@type":"ListItem","position":1,"name":"Inicio","item":"https:\/\/www.tcuentaslp.gob.ar\/"},{"@type":"ListItem","position":2,"name":"Subsidios otorgados por el Poder Ejecutivo"}]},{"@type":"WebSite","@id":"https:\/\/www.tcuentaslp.gob.ar\/#website","url":"https:\/\/www.tcuentaslp.gob.ar\/","name":"Tribunal de Cuentas de La Pampa","description":"","publisher":{"@id":"https:\/\/www.tcuentaslp.gob.ar\/#organization"},"potentialAction":[{"@type":"SearchAction","target":{"@type":"EntryPoint","urlTemplate":"https:\/\/www.tcuentaslp.gob.ar\/?s={search_term_string}"},"query-input":"required name=search_term_string"}],"inLanguage":"es-AR"},{"@type":"Organization","@id":"https:\/\/www.tcuentaslp.gob.ar\/#organization","name":"Tribunal de Cuentas de La Pampa","url":"https:\/\/www.tcuentaslp.gob.ar\/","logo":{"@type":"ImageObject","inLanguage":"es-AR","@id":"https:\/\/www.tcuentaslp.gob.ar\/#\/schema\/logo\/image\/","url":"http:\/\/www.tcuentaslp.gob.ar\/wp-content\/uploads\/2017\/10\/logo_tribunal.png","contentUrl":"http:\/\/www.tcuentaslp.gob.ar\/wp-content\/uploads\/2017\/10\/logo_tribunal.png","width":200,"height":204,"caption":"Tribunal de Cuentas de La Pampa"},"image":{"@id":"https:\/\/www.tcuentaslp.gob.ar\/#\/schema\/logo\/image\/"},"sameAs":["https:\/\/es-la.facebook.com\/TdeCLaPampa\/"]}]}},"_links":{"self":[{"href":"https:\/\/www.tcuentaslp.gob.ar\/index.php?rest_route=\/wp\/v2\/pages\/1550"}],"collection":[{"href":"https:\/\/www.tcuentaslp.gob.ar\/index.php?rest_route=\/wp\/v2\/pages"}],"about":[{"href":"https:\/\/www.tcuentaslp.gob.ar\/index.php?rest_route=\/wp\/v2\/types\/page"}],"author":[{"embeddable":true,"href":"https:\/\/www.tcuentaslp.gob.ar\/index.php?rest_route=\/wp\/v2\/users\/1"}],"replies":[{"embeddable":true,"href":"https:\/\/www.tcuentaslp.gob.ar\/index.php?rest_route=%2Fwp%2Fv2%2Fcomments&post=1550"}],"version-history":[{"count":2,"href":"https:\/\/www.tcuentaslp.gob.ar\/index.php?rest_route=\/wp\/v2\/pages\/1550\/revisions"}],"predecessor-version":[{"id":4207,"href":"https:\/\/www.tcuentaslp.gob.ar\/index.php?rest_route=\/wp\/v2\/pages\/1550\/revisions\/4207"}],"wp:attachment":[{"href":"https:\/\/www.tcuentaslp.gob.ar\/index.php?rest_route=%2Fwp%2Fv2%2Fmedia&parent=1550"}],"curies":[{"name":"wp","href":"https:\/\/api.w.org\/{rel}","templated":true}]}}