{"id":2213,"date":"2018-11-07T12:42:27","date_gmt":"2018-11-07T15:42:27","guid":{"rendered":"http:\/\/www.tcuentaslp.gob.ar\/?page_id=2213"},"modified":"2018-11-07T12:42:27","modified_gmt":"2018-11-07T15:42:27","slug":"introduccion-a-la-responsabilidad-social-rs","status":"publish","type":"page","link":"https:\/\/www.tcuentaslp.gob.ar\/?page_id=2213","title":{"rendered":"INTRODUCCI\u00d3N A LA RESPONSABILIDAD SOCIAL (RS)."},"content":{"rendered":"<p style=\"text-align: justify;\">Las causas hist\u00f3ricas de la Responsabilidad Social Empresarial (RSE) se remontan a los or\u00edgenes del hombre, la sociedad y el Estado. \u201cEl hombre es un animal pol\u00edtico\u201d, seg\u00fan dijo Arist\u00f3teles para destacar ese car\u00e1cter social por naturaleza, que es tambi\u00e9n el principio fundamental de la Sociolog\u00eda como ciencia.<\/p>\n<p style=\"text-align: justify;\">\u00a0La Responsabilidad Social (RS), por tanto, viene desde tiempos inmemoriales, cuando el propio Estado surgi\u00f3 en defensa de la supervivencia humana a trav\u00e9s de la vida en sociedad<\/p>\n<p style=\"text-align: justify;\">Es as\u00ed\u00a0 que el origen de la Responsabilidad Social Empresarial no tiene una fecha concreta, m\u00e1s bien puede decirse que es un concepto nuevo que desde hace un par de d\u00e9cadas vienen utilizando las grandes corporaciones; la Sociedad Civil y las instituciones p\u00fablicas gubernamentales.<\/p>\n<p style=\"text-align: justify;\">\u00a0Hist\u00f3ricamente la gesti\u00f3n empresarial era exitosa o no, teniendo en cuenta solamente los beneficios econ\u00f3micos; en la era industrial, las empresas buscaban el desarrollo econ\u00f3mico a cualquier costo. Como resultado de esto surgieron inconvenientes sociales, econ\u00f3micos y sobre todo medioambientales, lo que gener\u00f3 la preocupaci\u00f3n y obligaci\u00f3n de solucionar estas cuestiones, fundamentalmente desde los gobiernos.<\/p>\n<p style=\"text-align: justify;\">\u00a0La RSE es un fen\u00f3meno que parad\u00f3jicamente vino acompa\u00f1ada con resultados inesperados. Los datos econ\u00f3micos de las empresas se incrementaron positivamente y las distintas instituciones gubernamentales ampliaron el rendimiento. Es por esto que fue mutando de una obligaci\u00f3n a una inversi\u00f3n. Una inversi\u00f3n que se bas\u00f3 en la igualdad, equidad y la inclusi\u00f3n, banderas estas \u00faltimas que realzaron todos los Estados del mundo.<\/p>\n<p style=\"text-align: justify;\">\u00a0En los 70 los economistas entend\u00edan que \u201cLa Responsabilidad social de los negocios era aumentar sus beneficios\u201d. Rechazaban los programas de RSE consider\u00e1ndolos hipocres\u00eda y defend\u00edan que las empresas s\u00f3lo deb\u00edan rendir cuentas a sus due\u00f1os, y maximizar beneficios; en cambio la realidad los refut\u00f3 ya que con los inconvenientes que surgieron, que afectaban directamente a la sociedad y el medioambiente y la creciente demanda para solucionar estos problemas, los obligo a no solamente rendir cuentas a los empresarios sino que a los realmente est\u00e1n involucrados &#8211; LA SOCIEDAD -.<\/p>\n<p style=\"text-align: justify;\">\u00a0Preocuparse por la sociedad es una exigencia de buena gerencia. Algunos de los empresarios por nombrar como Warren Buffet y Bill Gates, se hallan entre los l\u00edderes en RSE y son considerados empresarios modelo de referencia,\u00a0 habiendo tenido gran \u00e9xito.<\/p>\n<p style=\"text-align: justify;\">\u00a0La evidencia real muestra que no hay incompatibilidad entre RSE y los beneficios econ\u00f3micos, de hecho hay una estrecha relaci\u00f3n entre RSE y el desempe\u00f1o financiero. En las empresas con RSE, comprometidas con la comunidad, el medio ambiente y su personal, como hemos dicho potencian sus resultados.<\/p>\n<p style=\"text-align: justify;\">\u00a0La RS se transform\u00f3 en una herramienta y una inversi\u00f3n. En este sentido los estados han provisto una gran cantidad de recursos (material, dinero, tiempo, conocimiento, personal) en numerosas actividades.<\/p>\n<p style=\"text-align: justify;\">\u00a0Asimismo, se est\u00e1n logrando importantes resultados a trav\u00e9s de alianzas entre el Estado con otro tipo de asociaciones, ONG\u00b4S, demostrando transparencia, compromiso y generando beneficios.<\/p>\n<p style=\"text-align: justify;\">\u00a0En resumen, de este recorrido hist\u00f3rico y a trav\u00e9s de un simple an\u00e1lisis, se puede ver que est\u00e1 en auge una nueva tendencia por parte de empresas y entidades p\u00fablicas que avanzan hacia una nueva forma en la organizaci\u00f3n, implementaci\u00f3n, atenci\u00f3n a las nuevas problem\u00e1ticas y nuevas estrategias.<\/p>\n<p style=\"text-align: justify;\">\u00a0Las sociedades y el medioambiente, trasladan sus valores y necesidades, gestando poco a poco una intenci\u00f3n de mejora y evidenciando as\u00ed un principio de cambio de paradigma sobre las relaciones \u201cEmpresa-Sociedad\u201d; \u201cEmpresa-medioambiente\u201d y \u201cEstado-Empresa\u201d.<\/p>\n<p style=\"text-align: justify;\">\u00a0<b>\u201cCON LA RESPONSABILIDAD SOCIAL TODOS GANAN\u201d<\/b><\/p>\n","protected":false},"excerpt":{"rendered":"<p>Las causas hist\u00f3ricas de la Responsabilidad Social Empresarial (RSE) se remontan a los or\u00edgenes del hombre, la sociedad y el &#8230; <a title=\"INTRODUCCI\u00d3N A LA RESPONSABILIDAD SOCIAL (RS).\" class=\"read-more\" href=\"https:\/\/www.tcuentaslp.gob.ar\/?page_id=2213\">Leer m\u00e1s&#8230;<\/a><\/p>\n","protected":false},"author":1,"featured_media":0,"parent":0,"menu_order":0,"comment_status":"closed","ping_status":"closed","template":"","meta":{"generate_page_header":""},"yoast_head":"<!-- This site is optimized with the Yoast SEO plugin v20.12 - https:\/\/yoast.com\/wordpress\/plugins\/seo\/ -->\n<title>INTRODUCCI\u00d3N A LA RESPONSABILIDAD SOCIAL (RS). -<\/title>\n<meta name=\"robots\" content=\"index, follow, max-snippet:-1, max-image-preview:large, max-video-preview:-1\" \/>\n<link rel=\"canonical\" href=\"https:\/\/www.tcuentaslp.gob.ar\/?page_id=2213\" \/>\n<meta property=\"og:locale\" content=\"es_ES\" \/>\n<meta property=\"og:type\" content=\"article\" \/>\n<meta property=\"og:title\" content=\"INTRODUCCI\u00d3N A LA RESPONSABILIDAD SOCIAL (RS). -\" \/>\n<meta property=\"og:description\" content=\"Las causas hist\u00f3ricas de la Responsabilidad Social Empresarial (RSE) se remontan a los or\u00edgenes del hombre, la sociedad y el ... Leer m\u00e1s...\" \/>\n<meta property=\"og:url\" content=\"https:\/\/www.tcuentaslp.gob.ar\/?page_id=2213\" \/>\n<meta property=\"article:publisher\" content=\"https:\/\/es-la.facebook.com\/TdeCLaPampa\/\" \/>\n<meta name=\"twitter:card\" content=\"summary_large_image\" \/>\n<meta name=\"twitter:label1\" content=\"Tiempo de lectura\" \/>\n\t<meta name=\"twitter:data1\" content=\"3 minutos\" \/>\n<script type=\"application\/ld+json\" class=\"yoast-schema-graph\">{\"@context\":\"https:\/\/schema.org\",\"@graph\":[{\"@type\":\"WebPage\",\"@id\":\"https:\/\/www.tcuentaslp.gob.ar\/?page_id=2213\",\"url\":\"https:\/\/www.tcuentaslp.gob.ar\/?page_id=2213\",\"name\":\"INTRODUCCI\u00d3N A LA RESPONSABILIDAD SOCIAL (RS). -\",\"isPartOf\":{\"@id\":\"https:\/\/www.tcuentaslp.gob.ar\/#website\"},\"datePublished\":\"2018-11-07T15:42:27+00:00\",\"dateModified\":\"2018-11-07T15:42:27+00:00\",\"breadcrumb\":{\"@id\":\"https:\/\/www.tcuentaslp.gob.ar\/?page_id=2213#breadcrumb\"},\"inLanguage\":\"es-AR\",\"potentialAction\":[{\"@type\":\"ReadAction\",\"target\":[\"https:\/\/www.tcuentaslp.gob.ar\/?page_id=2213\"]}]},{\"@type\":\"BreadcrumbList\",\"@id\":\"https:\/\/www.tcuentaslp.gob.ar\/?page_id=2213#breadcrumb\",\"itemListElement\":[{\"@type\":\"ListItem\",\"position\":1,\"name\":\"Inicio\",\"item\":\"https:\/\/www.tcuentaslp.gob.ar\/\"},{\"@type\":\"ListItem\",\"position\":2,\"name\":\"INTRODUCCI\u00d3N A LA RESPONSABILIDAD SOCIAL (RS).\"}]},{\"@type\":\"WebSite\",\"@id\":\"https:\/\/www.tcuentaslp.gob.ar\/#website\",\"url\":\"https:\/\/www.tcuentaslp.gob.ar\/\",\"name\":\"Tribunal de Cuentas de La Pampa\",\"description\":\"\",\"publisher\":{\"@id\":\"https:\/\/www.tcuentaslp.gob.ar\/#organization\"},\"potentialAction\":[{\"@type\":\"SearchAction\",\"target\":{\"@type\":\"EntryPoint\",\"urlTemplate\":\"https:\/\/www.tcuentaslp.gob.ar\/?s={search_term_string}\"},\"query-input\":\"required name=search_term_string\"}],\"inLanguage\":\"es-AR\"},{\"@type\":\"Organization\",\"@id\":\"https:\/\/www.tcuentaslp.gob.ar\/#organization\",\"name\":\"Tribunal de Cuentas de La Pampa\",\"url\":\"https:\/\/www.tcuentaslp.gob.ar\/\",\"logo\":{\"@type\":\"ImageObject\",\"inLanguage\":\"es-AR\",\"@id\":\"https:\/\/www.tcuentaslp.gob.ar\/#\/schema\/logo\/image\/\",\"url\":\"http:\/\/www.tcuentaslp.gob.ar\/wp-content\/uploads\/2017\/10\/logo_tribunal.png\",\"contentUrl\":\"http:\/\/www.tcuentaslp.gob.ar\/wp-content\/uploads\/2017\/10\/logo_tribunal.png\",\"width\":200,\"height\":204,\"caption\":\"Tribunal de Cuentas de La Pampa\"},\"image\":{\"@id\":\"https:\/\/www.tcuentaslp.gob.ar\/#\/schema\/logo\/image\/\"},\"sameAs\":[\"https:\/\/es-la.facebook.com\/TdeCLaPampa\/\"]}]}<\/script>\n<!-- \/ Yoast SEO plugin. -->","yoast_head_json":{"title":"INTRODUCCI\u00d3N A LA RESPONSABILIDAD SOCIAL (RS). -","robots":{"index":"index","follow":"follow","max-snippet":"max-snippet:-1","max-image-preview":"max-image-preview:large","max-video-preview":"max-video-preview:-1"},"canonical":"https:\/\/www.tcuentaslp.gob.ar\/?page_id=2213","og_locale":"es_ES","og_type":"article","og_title":"INTRODUCCI\u00d3N A LA RESPONSABILIDAD SOCIAL (RS). -","og_description":"Las causas hist\u00f3ricas de la Responsabilidad Social Empresarial (RSE) se remontan a los or\u00edgenes del hombre, la sociedad y el ... Leer m\u00e1s...","og_url":"https:\/\/www.tcuentaslp.gob.ar\/?page_id=2213","article_publisher":"https:\/\/es-la.facebook.com\/TdeCLaPampa\/","twitter_card":"summary_large_image","twitter_misc":{"Tiempo de lectura":"3 minutos"},"schema":{"@context":"https:\/\/schema.org","@graph":[{"@type":"WebPage","@id":"https:\/\/www.tcuentaslp.gob.ar\/?page_id=2213","url":"https:\/\/www.tcuentaslp.gob.ar\/?page_id=2213","name":"INTRODUCCI\u00d3N A LA RESPONSABILIDAD SOCIAL (RS). -","isPartOf":{"@id":"https:\/\/www.tcuentaslp.gob.ar\/#website"},"datePublished":"2018-11-07T15:42:27+00:00","dateModified":"2018-11-07T15:42:27+00:00","breadcrumb":{"@id":"https:\/\/www.tcuentaslp.gob.ar\/?page_id=2213#breadcrumb"},"inLanguage":"es-AR","potentialAction":[{"@type":"ReadAction","target":["https:\/\/www.tcuentaslp.gob.ar\/?page_id=2213"]}]},{"@type":"BreadcrumbList","@id":"https:\/\/www.tcuentaslp.gob.ar\/?page_id=2213#breadcrumb","itemListElement":[{"@type":"ListItem","position":1,"name":"Inicio","item":"https:\/\/www.tcuentaslp.gob.ar\/"},{"@type":"ListItem","position":2,"name":"INTRODUCCI\u00d3N A LA RESPONSABILIDAD SOCIAL (RS)."}]},{"@type":"WebSite","@id":"https:\/\/www.tcuentaslp.gob.ar\/#website","url":"https:\/\/www.tcuentaslp.gob.ar\/","name":"Tribunal de Cuentas de La Pampa","description":"","publisher":{"@id":"https:\/\/www.tcuentaslp.gob.ar\/#organization"},"potentialAction":[{"@type":"SearchAction","target":{"@type":"EntryPoint","urlTemplate":"https:\/\/www.tcuentaslp.gob.ar\/?s={search_term_string}"},"query-input":"required name=search_term_string"}],"inLanguage":"es-AR"},{"@type":"Organization","@id":"https:\/\/www.tcuentaslp.gob.ar\/#organization","name":"Tribunal de Cuentas de La Pampa","url":"https:\/\/www.tcuentaslp.gob.ar\/","logo":{"@type":"ImageObject","inLanguage":"es-AR","@id":"https:\/\/www.tcuentaslp.gob.ar\/#\/schema\/logo\/image\/","url":"http:\/\/www.tcuentaslp.gob.ar\/wp-content\/uploads\/2017\/10\/logo_tribunal.png","contentUrl":"http:\/\/www.tcuentaslp.gob.ar\/wp-content\/uploads\/2017\/10\/logo_tribunal.png","width":200,"height":204,"caption":"Tribunal de Cuentas de La Pampa"},"image":{"@id":"https:\/\/www.tcuentaslp.gob.ar\/#\/schema\/logo\/image\/"},"sameAs":["https:\/\/es-la.facebook.com\/TdeCLaPampa\/"]}]}},"_links":{"self":[{"href":"https:\/\/www.tcuentaslp.gob.ar\/index.php?rest_route=\/wp\/v2\/pages\/2213"}],"collection":[{"href":"https:\/\/www.tcuentaslp.gob.ar\/index.php?rest_route=\/wp\/v2\/pages"}],"about":[{"href":"https:\/\/www.tcuentaslp.gob.ar\/index.php?rest_route=\/wp\/v2\/types\/page"}],"author":[{"embeddable":true,"href":"https:\/\/www.tcuentaslp.gob.ar\/index.php?rest_route=\/wp\/v2\/users\/1"}],"replies":[{"embeddable":true,"href":"https:\/\/www.tcuentaslp.gob.ar\/index.php?rest_route=%2Fwp%2Fv2%2Fcomments&post=2213"}],"version-history":[{"count":1,"href":"https:\/\/www.tcuentaslp.gob.ar\/index.php?rest_route=\/wp\/v2\/pages\/2213\/revisions"}],"predecessor-version":[{"id":2214,"href":"https:\/\/www.tcuentaslp.gob.ar\/index.php?rest_route=\/wp\/v2\/pages\/2213\/revisions\/2214"}],"wp:attachment":[{"href":"https:\/\/www.tcuentaslp.gob.ar\/index.php?rest_route=%2Fwp%2Fv2%2Fmedia&parent=2213"}],"curies":[{"name":"wp","href":"https:\/\/api.w.org\/{rel}","templated":true}]}}