{"id":2479,"date":"2018-11-15T14:22:27","date_gmt":"2018-11-15T17:22:27","guid":{"rendered":"http:\/\/www.tcuentaslp.gob.ar\/?page_id=2479"},"modified":"2018-11-15T14:22:27","modified_gmt":"2018-11-15T17:22:27","slug":"resena-historica-en-el-mundo-y-el-pais-de-las-normas-iso-2","status":"publish","type":"page","link":"https:\/\/www.tcuentaslp.gob.ar\/?page_id=2479","title":{"rendered":"Rese\u00f1a Hist\u00f3rica en el mundo y el pa\u00eds de las Normas ISO."},"content":{"rendered":"<p style=\"text-align: justify;\">El marco te\u00f3rico de las Normas de Calidad se define a partir de la Teor\u00eda de las Organizaciones.<\/p>\n<p style=\"text-align: justify;\"><strong>Organizar<\/strong> significa crear reglas generales o duraderas para la actuaci\u00f3n dirigida a un fin.<\/p>\n<p style=\"text-align: justify;\">La organizaci\u00f3n, dentro de la complejidad, es\u00a0 producto y a su vez\u00a0 es productora de lo social, esto es, la organizaci\u00f3n \u00a0en movimiento con los intereses y motivaciones individuales que la constituyen cuenta con un inmenso potencial para crear y recrear la sociedad, al tiempo que se define y redefine en el transcurrir y en los vaivenes de \u00e9sta.<\/p>\n<p style=\"text-align: justify;\">Dentro del marco dela Teor\u00edade las Organizaciones se encuentrala Administraci\u00f3nde Empresas.<\/p>\n<p style=\"text-align: justify;\">La <strong>Administraci\u00f3n<\/strong> es la que se ocupa del rendimiento de las organizaciones, midiendo su eficiencia y su eficacia.<\/p>\n<p style=\"text-align: justify;\">Enla Edad Antigua, el estudio hist\u00f3rico de la evoluci\u00f3n administrativa nos muestra los enfoques que tuvo esta ciencia en Egipto, China, Grecia y Roma, y la influencia que tuvieron ciertos procedimientos administrativos en la organizaci\u00f3n funcional de los poderes del Estado.<\/p>\n<p style=\"text-align: justify;\">Enla EdadModerna, la organizaci\u00f3n dela Iglesiaes muy interesante para conocer la importancia que tiene en la prosecuci\u00f3n de un objetivo, a pesar de que las estructuras y procedimientos puedan no satisfacer todos los principios te\u00f3ricos administrativos.<\/p>\n<p style=\"text-align: justify;\">Enla Edad Contempor\u00e1nea, las teor\u00edas y experiencias de Taylor y Fayol marcaron una nueva etapa en la evoluci\u00f3n dela Administraci\u00f3nCient\u00edfica, fundamentalmente en la tecnificaci\u00f3n de procesos, situaciones que muchos pa\u00edses aplicaron, luego, en el sector p\u00fablico.<\/p>\n<p style=\"text-align: justify;\">Sin embargo, la Teor\u00edade la Administraci\u00f3nse suele considerar un fen\u00f3meno relativamente <strong>reciente,<\/strong> comprendiendo las actividades interrelacionadas de <em>PLANIFICACION, ORGANIZACI\u00d3N, DIRECCION Y CONTROL<\/em> de todas las actividades que implican relaciones humanas y tiempo.<\/p>\n<p style=\"text-align: justify;\">La <strong>planificaci\u00f3n<\/strong> consiste en establecer los procesos de realizaci\u00f3n necesarios, definir los objetivos de la <strong>calidad <\/strong>e identificar los recursos necesarios.<\/p>\n<p style=\"text-align: justify;\">La <strong>realizaci\u00f3n <\/strong>est\u00e1 relacionada con la implementaci\u00f3n y la ejecuci\u00f3n de las acciones establecidas en los\u00a0 procesos.<\/p>\n<p style=\"text-align: justify;\">El <strong>control <\/strong>est\u00e1 relacionado con la <strong>medici\u00f3n y an\u00e1lisis<\/strong> de las variables del proceso y de los indicadores de los <strong>objetivos de la calidad<\/strong>.<\/p>\n<p style=\"text-align: justify;\">La <strong>acci\u00f3n <\/strong>consiste en tomar las acciones correspondientes cuando no se alcanzan los resultados planificados, en funci\u00f3n del an\u00e1lisis de los indicadores medidos; se optimizan los resultados y se fijan objetivos m\u00e1s ambiciosos.<\/p>\n<p style=\"text-align: justify;\">Estas cuatro etapas \u2013 <strong>planificar, hacer, controlar y corregir \u2013 <\/strong>son la base de un Sistema de Gesti\u00f3n de Calidad y se desarrollan en un ciclo continuo e ininterrumpido.<\/p>\n<p style=\"text-align: justify;\">Es as\u00ed que el logro de una buena calidad depende del establecimiento de normas correctas y la creaci\u00f3n de un organismo para que se logren los objetivos planteados; acoplando a ello la responsabilidad con la autoridad en la empresa.<\/p>\n<p style=\"text-align: justify;\">Numerosas son las Normas de Calidad vigentes en la actualidad, entre ellas las Normas ISO, adoptadas por este Tribunal de Cuentas.<\/p>\n<p style=\"text-align: justify;\">La calidad no es nada nuevo, pero no es sino hasta la segunda guerra mundial cuando se le empieza a dar m\u00e1s importancia y surgen las teor\u00edas para regularla y documentarla; en Europa aparecela InternationalStandardOrganization (ISO) y forma comit\u00e9s para crear normas de estandarizaci\u00f3n.<\/p>\n<p style=\"text-align: justify;\">La Normade Calidad se ha convertido en un anacronismo, defendida con legitimidad por las instituciones que han crecido alrededor de ella, pero de cuestionable relevancia en los problemas cotidianos de desempe\u00f1o administrativo y mejoramiento en los tiempos modernos.<\/p>\n<p style=\"text-align: justify;\">Su m\u00e1s temprano antecesor fue una norma de defensa industrial en uso durantela SegundaGuerraMundial, que en su momento fue adoptada porla OTANy se hizo conocida como la serie AQAP (Allied Quality Assurance Publications).La Organizaci\u00f3n Internacionalde Normalizaci\u00f3n (ISO) \u00a0desarroll\u00f3 la primera serie de normas en el a\u00f1o 1987. Estas se revisaron en 1994 y la revisi\u00f3n m\u00e1s reciente se aprob\u00f3 en el a\u00f1o 2000.<\/p>\n<p style=\"text-align: justify;\">La serie de Normas ISO 9000 est\u00e1n basadas en los principios de gesti\u00f3n de calidad para el manejo eficiente y eficaz de una organizaci\u00f3n. Estos principios son: 1. Enfoque al cliente \u2013 2. Liderazgo \u2013 3. Participaci\u00f3n del personal \u2013 4. Enfoque basado en procesos \u2013 5. Enfoque basado en sistemas de gesti\u00f3n \u2013 6. Toma de decisiones basada en hechos \u2013 7. Mejora continua \u2013 8. Relaci\u00f3n mutuamente beneficiosa con los proveedores.<\/p>\n<p style=\"text-align: justify;\">Como resultado del nuevo enfoque, la antigua estructura de 20 cap\u00edtulos de la versi\u00f3n1994, hadesaparecido. La norma est\u00e1 ahora mucho m\u00e1s alineada con las pr\u00e1cticas habituales de trabajo de una empresa o proyecto. Hoy ha sido reestructurada en s\u00f3lo cinco cap\u00edtulos certificables. Se han relativizado temas como la responsabilidad de la alta direcci\u00f3n, gesti\u00f3n de los recursos y las acciones para la mejora continua de los procesos; su redacci\u00f3n constituye un ciclo ininterrumpido que empieza y termina en el cliente.<\/p>\n<p style=\"text-align: justify;\">\u201cLa norma ISO no es otra cosa que una <strong>receta<\/strong> para lograr un conjunto de operaciones eficientes y rentables a trav\u00e9s de la entrega predecible de productos y servicios. El desarrollo de sus cinco cap\u00edtulos, es s\u00f3lo un ordenamiento l\u00f3gico, sistem\u00e1tico y documentado de las distintas operaciones que cualquier empresa est\u00e1 acostumbrada a realizar en su vida diaria.\u201d (Carlos Gonz\u00e1lez, Editorial MC Hill, M\u00e9xico, 1998).<\/p>\n","protected":false},"excerpt":{"rendered":"<p>El marco te\u00f3rico de las Normas de Calidad se define a partir de la Teor\u00eda de las Organizaciones. Organizar significa &#8230; <a title=\"Rese\u00f1a Hist\u00f3rica en el mundo y el pa\u00eds de las Normas ISO.\" class=\"read-more\" href=\"https:\/\/www.tcuentaslp.gob.ar\/?page_id=2479\">Leer m\u00e1s&#8230;<\/a><\/p>\n","protected":false},"author":1,"featured_media":0,"parent":0,"menu_order":0,"comment_status":"closed","ping_status":"closed","template":"","meta":{"generate_page_header":""},"yoast_head":"<!-- This site is optimized with the Yoast SEO plugin v20.12 - https:\/\/yoast.com\/wordpress\/plugins\/seo\/ -->\n<title>Rese\u00f1a Hist\u00f3rica en el mundo y el pa\u00eds de las Normas ISO. -<\/title>\n<meta name=\"robots\" content=\"index, follow, max-snippet:-1, max-image-preview:large, max-video-preview:-1\" \/>\n<link rel=\"canonical\" href=\"https:\/\/www.tcuentaslp.gob.ar\/?page_id=2479\" \/>\n<meta property=\"og:locale\" content=\"es_ES\" \/>\n<meta property=\"og:type\" content=\"article\" \/>\n<meta property=\"og:title\" content=\"Rese\u00f1a Hist\u00f3rica en el mundo y el pa\u00eds de las Normas ISO. -\" \/>\n<meta property=\"og:description\" content=\"El marco te\u00f3rico de las Normas de Calidad se define a partir de la Teor\u00eda de las Organizaciones. Organizar significa ... Leer m\u00e1s...\" \/>\n<meta property=\"og:url\" content=\"https:\/\/www.tcuentaslp.gob.ar\/?page_id=2479\" \/>\n<meta property=\"article:publisher\" content=\"https:\/\/es-la.facebook.com\/TdeCLaPampa\/\" \/>\n<meta name=\"twitter:card\" content=\"summary_large_image\" \/>\n<meta name=\"twitter:label1\" content=\"Tiempo de lectura\" \/>\n\t<meta name=\"twitter:data1\" content=\"4 minutos\" \/>\n<script type=\"application\/ld+json\" class=\"yoast-schema-graph\">{\"@context\":\"https:\/\/schema.org\",\"@graph\":[{\"@type\":\"WebPage\",\"@id\":\"https:\/\/www.tcuentaslp.gob.ar\/?page_id=2479\",\"url\":\"https:\/\/www.tcuentaslp.gob.ar\/?page_id=2479\",\"name\":\"Rese\u00f1a Hist\u00f3rica en el mundo y el pa\u00eds de las Normas ISO. -\",\"isPartOf\":{\"@id\":\"https:\/\/www.tcuentaslp.gob.ar\/#website\"},\"datePublished\":\"2018-11-15T17:22:27+00:00\",\"dateModified\":\"2018-11-15T17:22:27+00:00\",\"breadcrumb\":{\"@id\":\"https:\/\/www.tcuentaslp.gob.ar\/?page_id=2479#breadcrumb\"},\"inLanguage\":\"es-AR\",\"potentialAction\":[{\"@type\":\"ReadAction\",\"target\":[\"https:\/\/www.tcuentaslp.gob.ar\/?page_id=2479\"]}]},{\"@type\":\"BreadcrumbList\",\"@id\":\"https:\/\/www.tcuentaslp.gob.ar\/?page_id=2479#breadcrumb\",\"itemListElement\":[{\"@type\":\"ListItem\",\"position\":1,\"name\":\"Inicio\",\"item\":\"https:\/\/www.tcuentaslp.gob.ar\/\"},{\"@type\":\"ListItem\",\"position\":2,\"name\":\"Rese\u00f1a Hist\u00f3rica en el mundo y el pa\u00eds de las Normas ISO.\"}]},{\"@type\":\"WebSite\",\"@id\":\"https:\/\/www.tcuentaslp.gob.ar\/#website\",\"url\":\"https:\/\/www.tcuentaslp.gob.ar\/\",\"name\":\"Tribunal de Cuentas de La Pampa\",\"description\":\"\",\"publisher\":{\"@id\":\"https:\/\/www.tcuentaslp.gob.ar\/#organization\"},\"potentialAction\":[{\"@type\":\"SearchAction\",\"target\":{\"@type\":\"EntryPoint\",\"urlTemplate\":\"https:\/\/www.tcuentaslp.gob.ar\/?s={search_term_string}\"},\"query-input\":\"required name=search_term_string\"}],\"inLanguage\":\"es-AR\"},{\"@type\":\"Organization\",\"@id\":\"https:\/\/www.tcuentaslp.gob.ar\/#organization\",\"name\":\"Tribunal de Cuentas de La Pampa\",\"url\":\"https:\/\/www.tcuentaslp.gob.ar\/\",\"logo\":{\"@type\":\"ImageObject\",\"inLanguage\":\"es-AR\",\"@id\":\"https:\/\/www.tcuentaslp.gob.ar\/#\/schema\/logo\/image\/\",\"url\":\"http:\/\/www.tcuentaslp.gob.ar\/wp-content\/uploads\/2017\/10\/logo_tribunal.png\",\"contentUrl\":\"http:\/\/www.tcuentaslp.gob.ar\/wp-content\/uploads\/2017\/10\/logo_tribunal.png\",\"width\":200,\"height\":204,\"caption\":\"Tribunal de Cuentas de La Pampa\"},\"image\":{\"@id\":\"https:\/\/www.tcuentaslp.gob.ar\/#\/schema\/logo\/image\/\"},\"sameAs\":[\"https:\/\/es-la.facebook.com\/TdeCLaPampa\/\"]}]}<\/script>\n<!-- \/ Yoast SEO plugin. -->","yoast_head_json":{"title":"Rese\u00f1a Hist\u00f3rica en el mundo y el pa\u00eds de las Normas ISO. -","robots":{"index":"index","follow":"follow","max-snippet":"max-snippet:-1","max-image-preview":"max-image-preview:large","max-video-preview":"max-video-preview:-1"},"canonical":"https:\/\/www.tcuentaslp.gob.ar\/?page_id=2479","og_locale":"es_ES","og_type":"article","og_title":"Rese\u00f1a Hist\u00f3rica en el mundo y el pa\u00eds de las Normas ISO. -","og_description":"El marco te\u00f3rico de las Normas de Calidad se define a partir de la Teor\u00eda de las Organizaciones. Organizar significa ... Leer m\u00e1s...","og_url":"https:\/\/www.tcuentaslp.gob.ar\/?page_id=2479","article_publisher":"https:\/\/es-la.facebook.com\/TdeCLaPampa\/","twitter_card":"summary_large_image","twitter_misc":{"Tiempo de lectura":"4 minutos"},"schema":{"@context":"https:\/\/schema.org","@graph":[{"@type":"WebPage","@id":"https:\/\/www.tcuentaslp.gob.ar\/?page_id=2479","url":"https:\/\/www.tcuentaslp.gob.ar\/?page_id=2479","name":"Rese\u00f1a Hist\u00f3rica en el mundo y el pa\u00eds de las Normas ISO. -","isPartOf":{"@id":"https:\/\/www.tcuentaslp.gob.ar\/#website"},"datePublished":"2018-11-15T17:22:27+00:00","dateModified":"2018-11-15T17:22:27+00:00","breadcrumb":{"@id":"https:\/\/www.tcuentaslp.gob.ar\/?page_id=2479#breadcrumb"},"inLanguage":"es-AR","potentialAction":[{"@type":"ReadAction","target":["https:\/\/www.tcuentaslp.gob.ar\/?page_id=2479"]}]},{"@type":"BreadcrumbList","@id":"https:\/\/www.tcuentaslp.gob.ar\/?page_id=2479#breadcrumb","itemListElement":[{"@type":"ListItem","position":1,"name":"Inicio","item":"https:\/\/www.tcuentaslp.gob.ar\/"},{"@type":"ListItem","position":2,"name":"Rese\u00f1a Hist\u00f3rica en el mundo y el pa\u00eds de las Normas ISO."}]},{"@type":"WebSite","@id":"https:\/\/www.tcuentaslp.gob.ar\/#website","url":"https:\/\/www.tcuentaslp.gob.ar\/","name":"Tribunal de Cuentas de La Pampa","description":"","publisher":{"@id":"https:\/\/www.tcuentaslp.gob.ar\/#organization"},"potentialAction":[{"@type":"SearchAction","target":{"@type":"EntryPoint","urlTemplate":"https:\/\/www.tcuentaslp.gob.ar\/?s={search_term_string}"},"query-input":"required name=search_term_string"}],"inLanguage":"es-AR"},{"@type":"Organization","@id":"https:\/\/www.tcuentaslp.gob.ar\/#organization","name":"Tribunal de Cuentas de La Pampa","url":"https:\/\/www.tcuentaslp.gob.ar\/","logo":{"@type":"ImageObject","inLanguage":"es-AR","@id":"https:\/\/www.tcuentaslp.gob.ar\/#\/schema\/logo\/image\/","url":"http:\/\/www.tcuentaslp.gob.ar\/wp-content\/uploads\/2017\/10\/logo_tribunal.png","contentUrl":"http:\/\/www.tcuentaslp.gob.ar\/wp-content\/uploads\/2017\/10\/logo_tribunal.png","width":200,"height":204,"caption":"Tribunal de Cuentas de La Pampa"},"image":{"@id":"https:\/\/www.tcuentaslp.gob.ar\/#\/schema\/logo\/image\/"},"sameAs":["https:\/\/es-la.facebook.com\/TdeCLaPampa\/"]}]}},"_links":{"self":[{"href":"https:\/\/www.tcuentaslp.gob.ar\/index.php?rest_route=\/wp\/v2\/pages\/2479"}],"collection":[{"href":"https:\/\/www.tcuentaslp.gob.ar\/index.php?rest_route=\/wp\/v2\/pages"}],"about":[{"href":"https:\/\/www.tcuentaslp.gob.ar\/index.php?rest_route=\/wp\/v2\/types\/page"}],"author":[{"embeddable":true,"href":"https:\/\/www.tcuentaslp.gob.ar\/index.php?rest_route=\/wp\/v2\/users\/1"}],"replies":[{"embeddable":true,"href":"https:\/\/www.tcuentaslp.gob.ar\/index.php?rest_route=%2Fwp%2Fv2%2Fcomments&post=2479"}],"version-history":[{"count":1,"href":"https:\/\/www.tcuentaslp.gob.ar\/index.php?rest_route=\/wp\/v2\/pages\/2479\/revisions"}],"predecessor-version":[{"id":2480,"href":"https:\/\/www.tcuentaslp.gob.ar\/index.php?rest_route=\/wp\/v2\/pages\/2479\/revisions\/2480"}],"wp:attachment":[{"href":"https:\/\/www.tcuentaslp.gob.ar\/index.php?rest_route=%2Fwp%2Fv2%2Fmedia&parent=2479"}],"curies":[{"name":"wp","href":"https:\/\/api.w.org\/{rel}","templated":true}]}}