{"id":823,"date":"2018-03-13T11:24:44","date_gmt":"2018-03-13T14:24:44","guid":{"rendered":"http:\/\/www.tcuentaslp.gob.ar\/?page_id=823"},"modified":"2018-04-08T20:07:13","modified_gmt":"2018-04-08T23:07:13","slug":"dra-patricia-primucci","status":"publish","type":"page","link":"https:\/\/www.tcuentaslp.gob.ar\/?page_id=823","title":{"rendered":"Dra. Patricia Primucci"},"content":{"rendered":"<p style=\"text-align: justify;\"><img decoding=\"async\" loading=\"lazy\" class=\"wp-image-829 size-medium alignleft\" src=\"http:\/\/www.tcuentaslp.gob.ar\/wp-content\/uploads\/2018\/03\/Cara-Primucci-199x300.jpg\" alt=\"\" width=\"199\" height=\"300\" srcset=\"https:\/\/www.tcuentaslp.gob.ar\/wp-content\/uploads\/2018\/03\/Cara-Primucci-199x300.jpg 199w, https:\/\/www.tcuentaslp.gob.ar\/wp-content\/uploads\/2018\/03\/Cara-Primucci-768x1160.jpg 768w, https:\/\/www.tcuentaslp.gob.ar\/wp-content\/uploads\/2018\/03\/Cara-Primucci-678x1024.jpg 678w\" sizes=\"(max-width: 199px) 100vw, 199px\" \/><strong>ESTUDIOS UNIVERSITARIOS<\/strong><\/p>\n<p style=\"padding-left: 30px; text-align: justify;\">Abogada \/ Procuradora. (1986\/1990)<\/p>\n<p style=\"padding-left: 30px; text-align: justify;\">Universidad Nacional de La Plata. Titulo expedido diciembre de 1990.<\/p>\n<p style=\"text-align: justify;\"><strong>ESTUDIOS DE POSTGRADO<\/strong><\/p>\n<p style=\"padding-left: 30px; text-align: justify;\"><strong>ESPECIALIZACI\u00d3N EN DERECHO CIVIL.<\/strong><\/p>\n<p style=\"padding-left: 30px; text-align: justify;\">Carrera de Postgrado de 3 a\u00f1os de duraci\u00f3n, categorizada como \u201cC\u201d por la CONEAU, por resoluci\u00f3n N\u00ba 793\/99, Universidad Nacional de La Plata.<\/p>\n<p style=\"padding-left: 30px; text-align: justify;\">Titulo obtenido: Especialista en Derecho Civil.<\/p>\n<p style=\"padding-left: 30px; text-align: justify;\">Fecha de Graduaci\u00f3n: 27 de febrero de 2003.<\/p>\n<p style=\"padding-left: 30px; text-align: justify;\"><strong>ESPECIALIZACI\u00d3N EN ADMINISTRACI\u00d3N Y GERENCIA FINANCIERA P\u00daBLICA<\/strong>, dictada en la Facultad de Ciencias Econ\u00f3micas y Jur\u00eddicas de la UNLPam, a\u00f1os 2008 y 2009, cursadas y aprobadas quince materias dictadas.<\/p>\n<p style=\"padding-left: 30px; text-align: justify;\"><strong>ESPECIALIZACION EN ADMINISTRACION Y CONTROL PUBLICO<\/strong>, en curso; dictada en la Facultad de Ciencias Econ\u00f3micas y Jur\u00eddicas de la UNLPam. (A\u00f1o 2017\/2019)<\/p>\n<p style=\"text-align: justify;\"><strong>Cursos de Postgrado:<\/strong><\/p>\n<p style=\"padding-left: 30px; text-align: justify;\">&#8211; Seminario de Postgrado \u201cAspectos Jur\u00eddicos de los Agronegocios\u201d, cursado en la ciudad de Buenos Aires entre los meses de Agosto a Diciembre de 2007, en la Universidad Austral \u2013 Facultad de Derecho.<\/p>\n<p style=\"padding-left: 30px; text-align: justify;\">&#8211; \u201cCurso de Postgrado Integral de Actualizaci\u00f3n, sobre la Reforma del C\u00f3digo Civil y Comercial de la Naci\u00f3n\u201d, dictada en la Facultad de Ciencias Econ\u00f3micas y Jur\u00eddicas de la Universidad Nacional de La Pampa. 15 de Diciembre de 2015.<\/p>\n<p style=\"text-align: justify;\"><strong>CAPACITACION<\/strong><\/p>\n<p style=\"padding-left: 30px; text-align: justify;\">1.- Seminario \u201cRelaciones Econ\u00f3micas Internacionales Argentinas\u201d \u2013 1988- La Plata. Alianza Francesa con auspicio de la Facultad de Derecho de la Universidad Nacional de Mar de Plata.<\/p>\n<p style=\"padding-left: 30px; text-align: justify;\">2.- Conferencia sobre \u201cResponsabilidad por Error Judicial \u2013 La Frustraci\u00f3n del Contrato \u2013 Ley de Convertibilidad\u201d. Dr. Jose Mosset Iturraspe. 23 y 24 abril 1991. Colegio de Abogados de Bah\u00eda Blanca.<\/p>\n<p style=\"padding-left: 30px; text-align: justify;\">3.- \u201cTerceras Jornadas de Derecho Civil y Comercial de la Provincia de La Pampa\u201d, referidas a la Unificaci\u00f3n del Derecho Civil y Comercial argentino. Dictado por la Universidad Nacional de La Pampa, Colegio de Magistrados y Funcionarios del Poder Judicial de La Pampa y Colegio de Abogados de La Pampa. 6 de Abril de 1991.-.<\/p>\n<p style=\"padding-left: 30px; text-align: justify;\">4.- Jornada de \u201cActualizaci\u00f3n en Derecho Administrativo\u201d, dictada el 27 Junio 1996 y organizada por Asesor\u00eda Letrada de Gobierno.<\/p>\n<p style=\"padding-left: 30px; text-align: justify;\">5.- Seminario sobre \u201cNueva Ley de Cheque y R\u00e9gimen de la Cuenta Corriente Bancaria\u201d. Dictado por Dr. Osvaldo G\u00f3mez Leo el d\u00eda 15 de agosto de 1997, organizado por el Colegio de Abogados de La Pampa.<\/p>\n<p style=\"padding-left: 30px; text-align: justify;\">6.- Jornadas de \u201cDerecho Administrativo y de Derecho P\u00fablico Municipal\u201d, organizadas por la Asesor\u00eda Letrada de Gobierno, los d\u00edas 23 y 24 de septiembre de 1999 en Santa Rosa<\/p>\n<p style=\"padding-left: 30px; text-align: justify;\">7.- Jornadas sobre \u201cNuevo C\u00f3digo Procesal Civil y Comercial de la Provincia de La Pampa\u201d, 4 y 5 de junio de 1999, organizadas por el Ministerio de Gobierno y Justicia de La Pampa.<\/p>\n<p style=\"padding-left: 30px; text-align: justify;\">8.- Curso \u201cNueva Ley de Reforma Laboral. Leyes 25.250 y 25.013\u201d 1 y 2 septiembre de 2000, dictado por Dr. Mario Ackerman, organizado por el Colegio de Abogados de la Pcia. de La Pampa.<\/p>\n<p style=\"padding-left: 30px; text-align: justify;\">9.- \u201cCongreso Patag\u00f3nico de Derecho Administrativo\u201d. Santa Rosa. 29 y 30 marzo de 2001, organizado por el Colegio de Abogados de la Pcia. de La Pampa.<\/p>\n<p style=\"padding-left: 30px; text-align: justify;\">10.- Seminario de Postgrado en Derecho Administrativo. Dictado por la Universidad Nacional de La Pampa. Diciembre de 2001. Duraci\u00f3n 50 horas c\u00e1tedra.<\/p>\n<p style=\"padding-left: 30px; text-align: justify;\">11.- Seminario Te\u00f3rico Pr\u00e1ctico sobre \u201cRecursos y Nulidades en el nuevo C\u00f3digo Procesal Civil y Comercial de La Pampa\u201d. Dictado por el Dr. Marcelo L\u00f3pez Mesa. Organizado por el Colegio de Abogados de la Pcia. de La Pampa.(27 abril, 18 mayo y 6 julio de 2002).<\/p>\n<p style=\"padding-left: 30px; text-align: justify;\">12.-Seminario Te\u00f3rico Pr\u00e1ctico sobre \u201cAspectos jur\u00eddicos de las nuevas medidas econ\u00f3micas\u201d. Dictado por el Dr. Guillermo Julio Borda, el 20 de marzo de 2002 en Santa Rosa. Organizado por el Colegio de Abogados de la Pcia. de La Pampa y el Colegio de Magistrados y Funcionarios del Poder Judicial de La Pampa.-<\/p>\n<p style=\"padding-left: 30px; text-align: justify;\">13.- Seminario Te\u00f3rico Pr\u00e1ctico sobre \u201cR\u00e9gimen Legal Actualizado sobre aspectos pr\u00e1cticos de las nuevas medidas econ\u00f3micas\u201d. Dictado por el Dr. Carlos A. Ghersi el 24 mayo 2002. Organizado por el Colegio de Abogados de la Pcia. de La Pampa y el Colegio de Magistrados y Funcionarios del Poder Judicial de La Pampa<\/p>\n<p style=\"padding-left: 30px; text-align: justify;\">14. Disertaci\u00f3n sobre \u201cEmergencia Econ\u00f3mica\u201d. 8 agosto de 2002. Dr. Jorge Mosset Iturraspe \u2013 Dictado por el Dr. Miguel Piedecasas y organizado por el Colegio de Abogados de la Pcia. de La Pampa.<\/p>\n<p style=\"padding-left: 30px; text-align: justify;\">15. Jornada sobre \u201cDerecho Constitucional\u201d. Expositor Dr. Ricardo Haro, Dr. Guillermo Barrera Buteler. Dictada el 3 de Mayo de 2004 en Santa Rosa y organizada por el Colegio de Abogados de la Pcia. de La Pampa.<\/p>\n<p style=\"padding-left: 30px; text-align: justify;\">16. Jornadas sobre \u201cOrganizaci\u00f3n Administrativa, Funci\u00f3n P\u00fablica y Dominio P\u00fablico\u201d, realizadas en la ciudad de Buenos Aires los d\u00edas 19, 20 y 21 de mayo de 2004, dictadas por la Universidad Austral \u2013 Facultad de Derecho.<\/p>\n<p style=\"padding-left: 30px; text-align: justify;\">17. Seminario sobre \u201cMedio Ambiente\u201d realizado el 24 de septiembre de 2004 en el Colegio de Abogados de La Pampa, dictado por la Universidad Nacional de C\u00f3rdoba, Facultad de Derecho y Ciencias Sociales. .<\/p>\n<p style=\"padding-left: 30px; text-align: justify;\">18. Seminario de \u201cDerecho Procesal Administrativo\u201d realizado el 29 de octubre de 2004 en el Colegio de Abogados de La Pampa, dictado por la Universidad Nacional de C\u00f3rdoba, Facultad de Derecho y Ciencias Sociales.<\/p>\n<p style=\"padding-left: 30px; text-align: justify;\">19. \u201cJornadas Nacionales de Tribunales de \u00c9tica y Disciplina de Colegios de Abogados\u201d, organizadas por la FACA (Federaci\u00f3n Argentina de Colegios de Abogados) y desarrollados del 6 al 7 de Mayo de 2005 en Santa Rosa.<\/p>\n<p style=\"padding-left: 30px; text-align: justify;\">20. Jornadas sobre \u201cCuestiones de Procedimiento Administrativo\u201d, realizadas en la ciudad de Buenos Aires los d\u00edas 18, 19 y 20 de mayo de 2005, dictadas por la Universidad Austral \u2013 Facultad de Derecho.<\/p>\n<p style=\"padding-left: 30px; text-align: justify;\">21. Curso de \u201cActualizaci\u00f3n en Derecho Procesal Civil\u201d, 64 horas c\u00e1tedra, dictada por la Fundaci\u00f3n de Estudios Superiores e Investigaci\u00f3n y el Colegio de Abogados, desde junio a diciembre de 2.005.<\/p>\n<p style=\"padding-left: 30px; text-align: justify;\">22. Jornadas Extraordinarias \u201cCuestiones Actuales de Derecho P\u00fablico\u201d, realizadas en Santa Rosa del 27 al 29 de septiembre de 2006, organizadas por la Asesor\u00eda Letrada de Gobierno y la Procuraci\u00f3n del Tesoro de la Naci\u00f3n.-<\/p>\n<p style=\"padding-left: 30px; text-align: justify;\">23. Capacitaci\u00f3n en \u201cProcedimiento Administrativo\u201d, 36 horas c\u00e1tedra, modalidad Educaci\u00f3n a Distancia, dictado entre el 14 de septiembre y el 14 de noviembre de 2006 por Diario Judicial.<\/p>\n<p style=\"padding-left: 30px; text-align: justify;\">24. \u201cJornadas Internacionales de Neoconstitucionalismo\u201d, organizadas por el Superior Tribunal de Justicia de La Pampa del 4 al 5 de octubre de 2006.<\/p>\n<p style=\"padding-left: 30px; text-align: justify;\">25. Jornadas de \u201cContratos Rurales\u201d, realizadas en Colegio de Abogados de La Pampa, realizadas el 10 de Agosto de 2007.<\/p>\n<p style=\"padding-left: 30px; text-align: justify;\">26. 1\u00b0 Congreso Internacional de Abogac\u00eda Publica \u201cEl inter\u00e9s p\u00fablico y la abogac\u00eda estatal\u201d, 23, 24 y 25 de abril de 2008. Procuraci\u00f3n del Tesoro de la Naci\u00f3n.<\/p>\n<p style=\"padding-left: 30px; text-align: justify;\">27. Seminario de Actualizaci\u00f3n en Legislaci\u00f3n de Hidrocarburos, 11 y 12 de agosto de 2009, Gobierno Provincia de Formosa.<\/p>\n<p style=\"padding-left: 30px; text-align: justify;\">28. 2\u00b0 Congreso Internacional de Abogac\u00eda P\u00fablica \u201cAdministraci\u00f3n, Derechos Fundamentales y Justicia Social\u201d, 16 y 17 de 2009. Procuraci\u00f3n del Tesoro de la Naci\u00f3n.<\/p>\n<p style=\"padding-left: 30px; text-align: justify;\">29. Seminario \u201cNuevos Lineamientos de la competencia originaria de la Corte Nacional en materia de demandabilidad de las provincias\u201d, dictado por la Universidad Austral Facultad de Derecho, los d\u00edas 2 y 3 de octubre de 2008.-<\/p>\n<p style=\"padding-left: 30px; text-align: justify;\">30. Curso de \u201cFideicomiso\u201d dictado por Centro de Capacitaci\u00f3n y Formaci\u00f3n Gerencial, en fecha 4 de Junio de 2008.-<\/p>\n<p style=\"padding-left: 30px; text-align: justify;\">31. Jornada sobre \u201cPrincipios de \u00c9tica Publica en el \u00e1mbito nacional\u201d, noviembre de 2010, Fiscal\u00eda de Investigaciones Administrativas La Pampa.<\/p>\n<p style=\"padding-left: 30px; text-align: justify;\">32. Jornadas de \u201cControl del Estado y Responsabilidad del Funcionario P\u00fablico\u201d, 7 y 8 de abril de 2011, Tribunal de Cuentas de la Provincia de La Pampa.<\/p>\n<p style=\"padding-left: 30px; text-align: justify;\">33. Seminario Ley de Tierras, \u201cProyecto de Ley de Protecci\u00f3n al Dominio Nacional sobre propiedad, posesi\u00f3n o tenencia de las Tierras Rurales\u201d, 4 de octubre de 2011, Universidad Cat\u00f3lica Argentina.<\/p>\n<p style=\"padding-left: 30px; text-align: justify;\">34. \u201cIV Congreso Internacional de Derecho Disciplinario y II Jornadas Provinciales de Control P\u00fablico\u201d, 12 y 13 abril de 2012, Tribunal de Cuentas de la Provincia de La Pampa y Centro de Estudios sobre Gesti\u00f3n P\u00fablica y Responsabilidad \u2013CGPYR.<\/p>\n<p style=\"padding-left: 30px; text-align: justify;\">35. Transcurso del A\u00f1o 2012 cursa las materias correspondientes a la Carrera de Escriban\u00eda, Derecho Notarial y Derecho Registral, Facultad de Ciencias Econ\u00f3micas y Jur\u00eddicas de La Pampa.<\/p>\n<p style=\"padding-left: 30px; text-align: justify;\">36. Jornadas de \u201cManejo Sustentable del Suelo en el Cultivo de Man\u00ed\u201d, en el marco de la Ley de Suelos N\u00ba 2139, 9 de septiembre de 2014, Realic\u00f3, La Pampa.<\/p>\n<p style=\"padding-left: 30px; text-align: justify;\">37. \u201cPrograma de Actualizaci\u00f3n en Derecho Civil 2016\u201d, organizado por el Centro de Capacitaci\u00f3n Judicial de la Provincia de La Pampa, desarrollado en la ciudad de Santa Rosa entre agosto y noviembre de 2016.<\/p>\n<p style=\"text-align: justify;\"><strong>ACTIVIDAD PROFESIONAL<\/strong><\/p>\n<p style=\"padding-left: 30px; text-align: justify;\">1. Ejercicio de la profesi\u00f3n en forma independiente desde el a\u00f1o 1991 hasta la actualidad en el \u00e1rea del derecho civil, comercial, laboral y administrativo.<\/p>\n<p style=\"padding-left: 30px; text-align: justify;\">En el a\u00f1o 1.991 se radica en la ciudad de Bah\u00eda Blanca, realizando pr\u00e1cticas laborales en el Estudio Jur\u00eddico del Dr. Victor Policano Drago.<\/p>\n<p style=\"padding-left: 30px; text-align: justify;\">El a\u00f1o 1.992 se radica en la ciudad de Santa Rosa y se desempe\u00f1a en la Actividad privada, y desde el a\u00f1o 2006 en el Estudio Jur\u00eddico Piazza y Asociados.-<\/p>\n<p style=\"padding-left: 30px; text-align: justify;\">2. Desde el 10 de mayo de 1993 al 28 de febrero de 2004 se desempe\u00f1a como profesional del cuerpo de abogados de la Direcci\u00f3n de Sumarios dependiente de la Asesor\u00eda Letrada de Gobierno, subrogando la direcci\u00f3n de dicha dependencia en diversas oportunidades. En dicha dependencia ingresa como profesional Categor\u00eda 7 de la Ley N\u00ba 643.<\/p>\n<p style=\"padding-left: 30px; text-align: justify;\">3. Desde marzo de 2004 hasta diciembre de 2016 se desempe\u00f1a en el cargo de Asesora Legal Delegada del Ministerio de la Producci\u00f3n, Categor\u00eda 1 Ley N\u00ba 643. Resoluci\u00f3n MP N\u00ba 100\/ 04, revistando en dicho Ministerio por Decreto N\u00ba 1296\/04.<\/p>\n<p style=\"padding-left: 30px; text-align: justify;\">4. Por Resoluci\u00f3n N\u00ba 011\/08 del Ministerio de la Producci\u00f3n, se la designa Representante del Ministerio de la Producci\u00f3n ante el Fideicomiso de Administraci\u00f3n de Cartera Cedida de la Provincia de La Pampa, (Decreto N\u00ba 57\/02) a 2010.<\/p>\n<p style=\"padding-left: 30px; text-align: justify;\">5. Por Decreto N\u00ba 4612\/16, se la designa como Secretaria del Tribunal de Cuentas de la Provincia de La Pampa.<\/p>\n<p style=\"padding-left: 30px; text-align: justify;\">A su vez:<\/p>\n<p style=\"padding-left: 30px; text-align: justify;\">6. Por Decretos N\u00ba 1918\/05, 1427\/16 fue designada representante del Ministerio de la Producci\u00f3n en el Comisi\u00f3n Asesora Permanente del Poder Ejecutivo de la Provincia creada por Decreto N\u00ba 1237\/83.<\/p>\n<p style=\"padding-left: 30px; text-align: justify;\">7. Cumpli\u00f3 funciones como Asesora legal en el \u00e1rea de Hidrocarburos de la Subsecretaria de Hidrocarburos y Miner\u00eda de la Provincia de La Pampa, seg\u00fan Resoluci\u00f3n Conjunta N\u00ba 12\/12 suscripta entre el Ministro de Obras y Servicios P\u00fablicos y el Ministro de la Producci\u00f3n, hasta el mes de abril de 2015.-<\/p>\n<p style=\"padding-left: 30px; text-align: justify;\">8. Por Resoluci\u00f3n de Secretaria General de la Gobernaci\u00f3n N\u00ba 264\/16 es designada como capacitadora en el Programa de Capacitaci\u00f3n para la Administraci\u00f3n P\u00fablica Provincial (PRO.CA.AP) creado por Decreto N\u00ba 1743\/16.<\/p>\n<p style=\"padding-left: 30px; text-align: justify;\">9. Form\u00f3 parte del Consejo Directivo del Colegio de Abogados de la Provincia de La Pampa como Vocal Titular, desde el 30 de agosto de 2003 al 12 de mayo de 2007.<\/p>\n<p style=\"padding-left: 30px; text-align: justify;\">\n","protected":false},"excerpt":{"rendered":"<p>ESTUDIOS UNIVERSITARIOS Abogada \/ Procuradora. (1986\/1990) Universidad Nacional de La Plata. Titulo expedido diciembre de 1990. ESTUDIOS DE POSTGRADO ESPECIALIZACI\u00d3N &#8230; <a title=\"Dra. Patricia Primucci\" class=\"read-more\" href=\"https:\/\/www.tcuentaslp.gob.ar\/?page_id=823\">Leer m\u00e1s&#8230;<\/a><\/p>\n","protected":false},"author":1,"featured_media":0,"parent":0,"menu_order":0,"comment_status":"closed","ping_status":"closed","template":"","meta":{"generate_page_header":""},"yoast_head":"<!-- This site is optimized with the Yoast SEO plugin v20.12 - https:\/\/yoast.com\/wordpress\/plugins\/seo\/ -->\n<title>Dra. Patricia Primucci -<\/title>\n<meta name=\"robots\" content=\"index, follow, max-snippet:-1, max-image-preview:large, max-video-preview:-1\" \/>\n<link rel=\"canonical\" href=\"https:\/\/www.tcuentaslp.gob.ar\/?page_id=823\" \/>\n<meta property=\"og:locale\" content=\"es_ES\" \/>\n<meta property=\"og:type\" content=\"article\" \/>\n<meta property=\"og:title\" content=\"Dra. Patricia Primucci -\" \/>\n<meta property=\"og:description\" content=\"ESTUDIOS UNIVERSITARIOS Abogada \/ Procuradora. (1986\/1990) Universidad Nacional de La Plata. Titulo expedido diciembre de 1990. ESTUDIOS DE POSTGRADO ESPECIALIZACI\u00d3N ... Leer m\u00e1s...\" \/>\n<meta property=\"og:url\" content=\"https:\/\/www.tcuentaslp.gob.ar\/?page_id=823\" \/>\n<meta property=\"article:publisher\" content=\"https:\/\/es-la.facebook.com\/TdeCLaPampa\/\" \/>\n<meta property=\"article:modified_time\" content=\"2018-04-08T23:07:13+00:00\" \/>\n<meta property=\"og:image\" content=\"http:\/\/www.tcuentaslp.gob.ar\/wp-content\/uploads\/2018\/03\/Cara-Primucci-199x300.jpg\" \/>\n<meta name=\"twitter:card\" content=\"summary_large_image\" \/>\n<meta name=\"twitter:label1\" content=\"Tiempo de lectura\" \/>\n\t<meta name=\"twitter:data1\" content=\"9 minutos\" \/>\n<script type=\"application\/ld+json\" class=\"yoast-schema-graph\">{\"@context\":\"https:\/\/schema.org\",\"@graph\":[{\"@type\":\"WebPage\",\"@id\":\"https:\/\/www.tcuentaslp.gob.ar\/?page_id=823\",\"url\":\"https:\/\/www.tcuentaslp.gob.ar\/?page_id=823\",\"name\":\"Dra. Patricia Primucci -\",\"isPartOf\":{\"@id\":\"https:\/\/www.tcuentaslp.gob.ar\/#website\"},\"datePublished\":\"2018-03-13T14:24:44+00:00\",\"dateModified\":\"2018-04-08T23:07:13+00:00\",\"breadcrumb\":{\"@id\":\"https:\/\/www.tcuentaslp.gob.ar\/?page_id=823#breadcrumb\"},\"inLanguage\":\"es-AR\",\"potentialAction\":[{\"@type\":\"ReadAction\",\"target\":[\"https:\/\/www.tcuentaslp.gob.ar\/?page_id=823\"]}]},{\"@type\":\"BreadcrumbList\",\"@id\":\"https:\/\/www.tcuentaslp.gob.ar\/?page_id=823#breadcrumb\",\"itemListElement\":[{\"@type\":\"ListItem\",\"position\":1,\"name\":\"Inicio\",\"item\":\"https:\/\/www.tcuentaslp.gob.ar\/\"},{\"@type\":\"ListItem\",\"position\":2,\"name\":\"Dra. Patricia Primucci\"}]},{\"@type\":\"WebSite\",\"@id\":\"https:\/\/www.tcuentaslp.gob.ar\/#website\",\"url\":\"https:\/\/www.tcuentaslp.gob.ar\/\",\"name\":\"Tribunal de Cuentas de La Pampa\",\"description\":\"\",\"publisher\":{\"@id\":\"https:\/\/www.tcuentaslp.gob.ar\/#organization\"},\"potentialAction\":[{\"@type\":\"SearchAction\",\"target\":{\"@type\":\"EntryPoint\",\"urlTemplate\":\"https:\/\/www.tcuentaslp.gob.ar\/?s={search_term_string}\"},\"query-input\":\"required name=search_term_string\"}],\"inLanguage\":\"es-AR\"},{\"@type\":\"Organization\",\"@id\":\"https:\/\/www.tcuentaslp.gob.ar\/#organization\",\"name\":\"Tribunal de Cuentas de La Pampa\",\"url\":\"https:\/\/www.tcuentaslp.gob.ar\/\",\"logo\":{\"@type\":\"ImageObject\",\"inLanguage\":\"es-AR\",\"@id\":\"https:\/\/www.tcuentaslp.gob.ar\/#\/schema\/logo\/image\/\",\"url\":\"http:\/\/www.tcuentaslp.gob.ar\/wp-content\/uploads\/2017\/10\/logo_tribunal.png\",\"contentUrl\":\"http:\/\/www.tcuentaslp.gob.ar\/wp-content\/uploads\/2017\/10\/logo_tribunal.png\",\"width\":200,\"height\":204,\"caption\":\"Tribunal de Cuentas de La Pampa\"},\"image\":{\"@id\":\"https:\/\/www.tcuentaslp.gob.ar\/#\/schema\/logo\/image\/\"},\"sameAs\":[\"https:\/\/es-la.facebook.com\/TdeCLaPampa\/\"]}]}<\/script>\n<!-- \/ Yoast SEO plugin. -->","yoast_head_json":{"title":"Dra. Patricia Primucci -","robots":{"index":"index","follow":"follow","max-snippet":"max-snippet:-1","max-image-preview":"max-image-preview:large","max-video-preview":"max-video-preview:-1"},"canonical":"https:\/\/www.tcuentaslp.gob.ar\/?page_id=823","og_locale":"es_ES","og_type":"article","og_title":"Dra. Patricia Primucci -","og_description":"ESTUDIOS UNIVERSITARIOS Abogada \/ Procuradora. (1986\/1990) Universidad Nacional de La Plata. Titulo expedido diciembre de 1990. ESTUDIOS DE POSTGRADO ESPECIALIZACI\u00d3N ... Leer m\u00e1s...","og_url":"https:\/\/www.tcuentaslp.gob.ar\/?page_id=823","article_publisher":"https:\/\/es-la.facebook.com\/TdeCLaPampa\/","article_modified_time":"2018-04-08T23:07:13+00:00","og_image":[{"url":"http:\/\/www.tcuentaslp.gob.ar\/wp-content\/uploads\/2018\/03\/Cara-Primucci-199x300.jpg"}],"twitter_card":"summary_large_image","twitter_misc":{"Tiempo de lectura":"9 minutos"},"schema":{"@context":"https:\/\/schema.org","@graph":[{"@type":"WebPage","@id":"https:\/\/www.tcuentaslp.gob.ar\/?page_id=823","url":"https:\/\/www.tcuentaslp.gob.ar\/?page_id=823","name":"Dra. Patricia Primucci -","isPartOf":{"@id":"https:\/\/www.tcuentaslp.gob.ar\/#website"},"datePublished":"2018-03-13T14:24:44+00:00","dateModified":"2018-04-08T23:07:13+00:00","breadcrumb":{"@id":"https:\/\/www.tcuentaslp.gob.ar\/?page_id=823#breadcrumb"},"inLanguage":"es-AR","potentialAction":[{"@type":"ReadAction","target":["https:\/\/www.tcuentaslp.gob.ar\/?page_id=823"]}]},{"@type":"BreadcrumbList","@id":"https:\/\/www.tcuentaslp.gob.ar\/?page_id=823#breadcrumb","itemListElement":[{"@type":"ListItem","position":1,"name":"Inicio","item":"https:\/\/www.tcuentaslp.gob.ar\/"},{"@type":"ListItem","position":2,"name":"Dra. Patricia Primucci"}]},{"@type":"WebSite","@id":"https:\/\/www.tcuentaslp.gob.ar\/#website","url":"https:\/\/www.tcuentaslp.gob.ar\/","name":"Tribunal de Cuentas de La Pampa","description":"","publisher":{"@id":"https:\/\/www.tcuentaslp.gob.ar\/#organization"},"potentialAction":[{"@type":"SearchAction","target":{"@type":"EntryPoint","urlTemplate":"https:\/\/www.tcuentaslp.gob.ar\/?s={search_term_string}"},"query-input":"required name=search_term_string"}],"inLanguage":"es-AR"},{"@type":"Organization","@id":"https:\/\/www.tcuentaslp.gob.ar\/#organization","name":"Tribunal de Cuentas de La Pampa","url":"https:\/\/www.tcuentaslp.gob.ar\/","logo":{"@type":"ImageObject","inLanguage":"es-AR","@id":"https:\/\/www.tcuentaslp.gob.ar\/#\/schema\/logo\/image\/","url":"http:\/\/www.tcuentaslp.gob.ar\/wp-content\/uploads\/2017\/10\/logo_tribunal.png","contentUrl":"http:\/\/www.tcuentaslp.gob.ar\/wp-content\/uploads\/2017\/10\/logo_tribunal.png","width":200,"height":204,"caption":"Tribunal de Cuentas de La Pampa"},"image":{"@id":"https:\/\/www.tcuentaslp.gob.ar\/#\/schema\/logo\/image\/"},"sameAs":["https:\/\/es-la.facebook.com\/TdeCLaPampa\/"]}]}},"_links":{"self":[{"href":"https:\/\/www.tcuentaslp.gob.ar\/index.php?rest_route=\/wp\/v2\/pages\/823"}],"collection":[{"href":"https:\/\/www.tcuentaslp.gob.ar\/index.php?rest_route=\/wp\/v2\/pages"}],"about":[{"href":"https:\/\/www.tcuentaslp.gob.ar\/index.php?rest_route=\/wp\/v2\/types\/page"}],"author":[{"embeddable":true,"href":"https:\/\/www.tcuentaslp.gob.ar\/index.php?rest_route=\/wp\/v2\/users\/1"}],"replies":[{"embeddable":true,"href":"https:\/\/www.tcuentaslp.gob.ar\/index.php?rest_route=%2Fwp%2Fv2%2Fcomments&post=823"}],"version-history":[{"count":5,"href":"https:\/\/www.tcuentaslp.gob.ar\/index.php?rest_route=\/wp\/v2\/pages\/823\/revisions"}],"predecessor-version":[{"id":832,"href":"https:\/\/www.tcuentaslp.gob.ar\/index.php?rest_route=\/wp\/v2\/pages\/823\/revisions\/832"}],"wp:attachment":[{"href":"https:\/\/www.tcuentaslp.gob.ar\/index.php?rest_route=%2Fwp%2Fv2%2Fmedia&parent=823"}],"curies":[{"name":"wp","href":"https:\/\/api.w.org\/{rel}","templated":true}]}}